CRAN Package Check Results for Package vosonSML

Last updated on 2019-01-19 00:46:49 CET.

Flavor Version Tinstall Tcheck Ttotal Status Flags
r-devel-linux-x86_64-debian-clang 0.23.4 29.10 103.71 132.81 OK
r-devel-linux-x86_64-debian-gcc 0.23.4 26.22 78.14 104.36 OK
r-devel-linux-x86_64-fedora-clang 0.23.4 155.29 OK
r-devel-linux-x86_64-fedora-gcc 0.23.4 144.63 OK
r-devel-windows-ix86+x86_64 0.23.4 53.00 167.00 220.00 OK
r-patched-linux-x86_64 0.23.4 29.35 94.51 123.86 OK
r-patched-solaris-x86 0.23.4 246.80 OK
r-release-linux-x86_64 0.23.4 26.27 94.68 120.95 OK
r-release-windows-ix86+x86_64 0.23.4 44.00 152.00 196.00 WARN
r-release-osx-x86_64 0.23.4 OK
r-oldrel-windows-ix86+x86_64 0.23.4 30.00 139.00 169.00 OK
r-oldrel-osx-x86_64 0.23.4 OK

Check Details

Version: 0.23.4
Check: whether package can be installed
Result: WARN
    Found the following significant warnings:
     Warning: S3 methods '[.fun_list', '[.grouped_df', 'all.equal.tbl_df', 'anti_join.data.frame', 'anti_join.tbl_df', 'arrange.data.frame', 'arrange.default', 'arrange.grouped_df', 'arrange.tbl_df', 'arrange_.data.frame', 'arrange_.tbl_df', 'as.data.frame.grouped_df', 'as.data.frame.rowwise_df', 'as.data.frame.tbl_cube', 'as.table.tbl_cube', 'as.tbl.data.frame', 'as.tbl.tbl', 'as.tbl_cube.array', 'as.tbl_cube.data.frame', 'as.tbl_cube.matrix', 'as.tbl_cube.table', 'as_tibble.grouped_df', 'as_tibble.tbl_cube', 'auto_copy.tbl_cube', 'auto_copy.tbl_df', 'cbind.grouped_df', 'collapse.data.frame', 'collect.data.frame', 'common_by.NULL', 'common_by.character', 'common_by.default', 'common_by.list', 'compute.data.frame', 'copy_to.DBIConnection', 'copy_to.src_local', 'default_missing.data.frame', 'default_missing.default', 'dim.tbl_cube', 'distinct.data.frame', 'distinct.default', 'distinct.grouped_df', 'distinct.tbl_df', 'distinct_.data.frame', 'distinct_.grouped_df', 'distinct_.tbl_df', 'do.NULL', 'do.da [... truncated]
Flavor: r-release-windows-ix86+x86_64