CRAN Package Check Results for Package wahc

Last updated on 2019-01-19 00:46:49 CET.

Flavor Version Tinstall Tcheck Ttotal Status Flags
r-devel-linux-x86_64-debian-clang 1.0 0.99 16.30 17.29 NOTE
r-devel-linux-x86_64-debian-gcc 1.0 0.81 13.49 14.30 NOTE
r-devel-linux-x86_64-fedora-clang 1.0 20.94 NOTE
r-devel-linux-x86_64-fedora-gcc 1.0 19.49 NOTE
r-devel-windows-ix86+x86_64 1.0 2.00 36.00 38.00 NOTE
r-patched-linux-x86_64 1.0 0.76 15.26 16.02 NOTE
r-patched-solaris-x86 1.0 30.40 NOTE
r-release-linux-x86_64 1.0 0.84 15.48 16.32 NOTE
r-release-windows-ix86+x86_64 1.0 2.00 26.00 28.00 NOTE
r-release-osx-x86_64 1.0 NOTE
r-oldrel-windows-ix86+x86_64 1.0 2.00 32.00 34.00 NOTE
r-oldrel-osx-x86_64 1.0 NOTE

Check Details

Version: 1.0
Check: R code for possible problems
Result: NOTE
    summary.whc: no visible global function definition for ‘printCoefmat’
    wahc.fit: no visible global function definition for ‘pt’
    wahc.fit: no visible global function definition for ‘cor’
    whc: no visible global function definition for ‘model.frame’
    whc: no visible global function definition for ‘model.matrix’
    whc: no visible global function definition for ‘model.response’
    Undefined global functions or variables:
     cor model.frame model.matrix model.response printCoefmat pt
    Consider adding
     importFrom("stats", "cor", "model.frame", "model.matrix",
     "model.response", "printCoefmat", "pt")
    to your NAMESPACE file.
Flavors: r-devel-linux-x86_64-debian-clang, r-devel-linux-x86_64-debian-gcc, r-devel-linux-x86_64-fedora-clang, r-devel-linux-x86_64-fedora-gcc, r-devel-windows-ix86+x86_64, r-patched-linux-x86_64, r-patched-solaris-x86, r-release-linux-x86_64, r-release-windows-ix86+x86_64, r-release-osx-x86_64, r-oldrel-windows-ix86+x86_64, r-oldrel-osx-x86_64