Last updated on 2019-01-19 00:46:49 CET.
Flavor | Version | Tinstall | Tcheck | Ttotal | Status | Flags |
---|---|---|---|---|---|---|
r-devel-linux-x86_64-debian-clang | 0.3.0 | 1.75 | 29.10 | 30.85 | OK | |
r-devel-linux-x86_64-debian-gcc | 0.3.0 | 1.52 | 22.55 | 24.07 | OK | |
r-devel-linux-x86_64-fedora-clang | 0.3.0 | 35.82 | OK | |||
r-devel-linux-x86_64-fedora-gcc | 0.3.0 | 31.84 | OK | |||
r-devel-windows-ix86+x86_64 | 0.3.0 | 5.00 | 64.00 | 69.00 | OK | |
r-patched-linux-x86_64 | 0.3.0 | 1.71 | 25.52 | 27.23 | OK | |
r-patched-solaris-x86 | 0.3.0 | 52.50 | OK | |||
r-release-linux-x86_64 | 0.3.0 | 1.60 | 25.94 | 27.54 | OK | |
r-release-windows-ix86+x86_64 | 0.3.0 | 4.00 | 60.00 | 64.00 | OK | |
r-release-osx-x86_64 | 0.3.0 | OK | ||||
r-oldrel-windows-ix86+x86_64 | 0.3.0 | 4.00 | 46.00 | 50.00 | OK | |
r-oldrel-osx-x86_64 | 0.3.0 | ERROR |
Version: 0.3.0
Check: package dependencies
Result: NOTE
Package suggested but not available for checking: ‘vcr’
Flavor: r-oldrel-osx-x86_64
Version: 0.3.0
Check: tests
Result: ERROR
Running ‘test-all.R’ [0s/0s]
Running the tests in ‘tests/test-all.R’ failed.
Complete output:
> library(testthat)
> library(wikitaxa)
> test_check("wikitaxa")
Error in library("vcr") : there is no package called 'vcr'
Calls: test_check ... source_dir -> lapply -> FUN -> eval -> eval -> library
Execution halted
Flavor: r-oldrel-osx-x86_64