CRAN Package Check Results for Package xslt

Last updated on 2019-01-19 00:46:49 CET.

Flavor Version Tinstall Tcheck Ttotal Status Flags
r-devel-linux-x86_64-debian-clang 1.3 19.73 23.39 43.12 OK
r-devel-linux-x86_64-debian-gcc 1.3 16.56 19.36 35.92 OK
r-devel-linux-x86_64-fedora-clang 1.3 61.39 OK
r-devel-linux-x86_64-fedora-gcc 1.3 54.05 OK
r-devel-windows-ix86+x86_64 1.3 67.00 100.00 167.00 NOTE
r-patched-linux-x86_64 1.3 22.34 21.66 44.00 OK
r-patched-solaris-x86 1.3 63.60 OK
r-release-linux-x86_64 1.3 22.21 21.76 43.97 OK
r-release-windows-ix86+x86_64 1.3 69.00 103.00 172.00 NOTE
r-release-osx-x86_64 1.3 OK
r-oldrel-windows-ix86+x86_64 1.3 82.00 71.00 153.00 NOTE
r-oldrel-osx-x86_64 1.3 OK

Check Details

Version: 1.3
Check: installed package size
Result: NOTE
     installed size is 6.7Mb
     sub-directories of 1Mb or more:
     libs 6.6Mb
Flavors: r-devel-windows-ix86+x86_64, r-release-windows-ix86+x86_64, r-oldrel-windows-ix86+x86_64