CRAN Package Check Results for Package yuimaGUI

Last updated on 2019-01-19 00:46:50 CET.

Flavor Version Tinstall Tcheck Ttotal Status Flags
r-devel-linux-x86_64-debian-clang 1.3.0 7.83 82.05 89.88 OK
r-devel-linux-x86_64-debian-gcc 1.3.0 6.10 64.42 70.52 OK
r-devel-linux-x86_64-fedora-clang 1.3.0 103.26 NOTE
r-devel-linux-x86_64-fedora-gcc 1.3.0 97.35 NOTE
r-devel-windows-ix86+x86_64 1.3.0 18.00 92.00 110.00 OK
r-patched-linux-x86_64 1.3.0 7.69 75.82 83.51 OK
r-patched-solaris-x86 1.3.0 157.10 NOTE
r-release-linux-x86_64 1.3.0 7.41 75.83 83.24 OK
r-release-windows-ix86+x86_64 1.3.0 22.00 129.00 151.00 OK
r-release-osx-x86_64 1.3.0 NOTE
r-oldrel-windows-ix86+x86_64 1.3.0 24.00 79.00 103.00 OK
r-oldrel-osx-x86_64 1.3.0 NOTE

Check Details

Version: 1.3.0
Check: dependencies in R code
Result: NOTE
    Namespace in Imports field not imported from: ‘ghyp’
     All declared Imports should be used.
Flavors: r-devel-linux-x86_64-fedora-clang, r-devel-linux-x86_64-fedora-gcc, r-patched-solaris-x86, r-release-osx-x86_64, r-oldrel-osx-x86_64