Last updated on 2019-01-19 00:46:50 CET.
Flavor | Version | Tinstall | Tcheck | Ttotal | Status | Flags |
---|---|---|---|---|---|---|
r-devel-linux-x86_64-debian-clang | 0.0-3 | 9.07 | 104.58 | 113.65 | OK | |
r-devel-linux-x86_64-debian-gcc | 0.0-3 | 6.92 | 81.39 | 88.31 | OK | |
r-devel-linux-x86_64-fedora-clang | 0.0-3 | 121.63 | OK | |||
r-devel-linux-x86_64-fedora-gcc | 0.0-3 | 125.57 | OK | |||
r-devel-windows-ix86+x86_64 | 0.0-3 | 17.00 | 161.00 | 178.00 | OK | |
r-patched-linux-x86_64 | 0.0-3 | 8.29 | 92.88 | 101.17 | OK | |
r-patched-solaris-x86 | 0.0-3 | 182.50 | OK | |||
r-release-linux-x86_64 | 0.0-3 | 7.14 | 92.51 | 99.65 | OK | |
r-release-windows-ix86+x86_64 | 0.0-3 | 19.00 | 205.00 | 224.00 | OK | |
r-release-osx-x86_64 | 0.0-3 | OK | ||||
r-oldrel-windows-ix86+x86_64 | 0.0-3 | 15.00 | 222.00 | 237.00 | OK | |
r-oldrel-osx-x86_64 | 0.0-3 | NOTE |
Version: 0.0-3
Check: package dependencies
Result: NOTE
Package suggested but not available for checking: ‘loon’
Flavor: r-oldrel-osx-x86_64