Last updated on 2019-01-19 00:46:50 CET.
Flavor | Version | Tinstall | Tcheck | Ttotal | Status | Flags |
---|---|---|---|---|---|---|
r-devel-linux-x86_64-debian-clang | 0.6-10 | 5.56 | 57.10 | 62.66 | OK | |
r-devel-linux-x86_64-debian-gcc | 0.6-10 | 5.16 | 43.90 | 49.06 | OK | |
r-devel-linux-x86_64-fedora-clang | 0.6-10 | 75.88 | OK | |||
r-devel-linux-x86_64-fedora-gcc | 0.6-10 | 71.10 | OK | |||
r-devel-windows-ix86+x86_64 | 0.6-10 | 8.00 | 98.00 | 106.00 | OK | |
r-patched-linux-x86_64 | 0.6-10 | 6.25 | 53.20 | 59.45 | OK | |
r-patched-solaris-x86 | 0.6-10 | 99.70 | OK | |||
r-release-linux-x86_64 | 0.6-10 | 5.51 | 53.35 | 58.86 | OK | |
r-release-windows-ix86+x86_64 | 0.6-10 | 10.00 | 65.00 | 75.00 | OK | |
r-release-osx-x86_64 | 0.6-10 | OK | ||||
r-oldrel-windows-ix86+x86_64 | 0.6-10 | 7.00 | 95.00 | 102.00 | OK | |
r-oldrel-osx-x86_64 | 0.6-10 | NOTE |
Version: 0.6-10
Check: re-building of vignette outputs
Result: NOTE
Error in re-building vignettes:
...
Error in texi2dvi(file = file, pdf = TRUE, clean = clean, quiet = quiet, :
Running 'texi2dvi' on 'zipfr-tutorial.tex' failed.
LaTeX errors:
! LaTeX Error: File `vmargin.sty' not found.
Type X to quit or <RETURN> to proceed,
or enter new name. (Default extension: sty)
! Emergency stop.
<read *>
l.13 \setpapersize
[portrait]{A4}^^M
! ==> Fatal error occurred, no output PDF file produced!
Calls: buildVignettes -> texi2pdf -> texi2dvi
Execution halted
Flavor: r-oldrel-osx-x86_64