CRAN Package Check Results for Package ztype

Last updated on 2019-01-19 00:46:50 CET.

Flavor Version Tinstall Tcheck Ttotal Status Flags
r-devel-linux-x86_64-debian-clang 0.1.0 1.33 25.34 26.67 OK
r-devel-linux-x86_64-debian-gcc 0.1.0 1.22 20.57 21.79 OK
r-devel-linux-x86_64-fedora-clang 0.1.0 30.96 NOTE
r-devel-linux-x86_64-fedora-gcc 0.1.0 29.61 NOTE
r-devel-windows-ix86+x86_64 0.1.0 6.00 41.00 47.00 OK
r-patched-linux-x86_64 0.1.0 1.27 23.78 25.05 OK
r-patched-solaris-x86 0.1.0 51.60 NOTE
r-release-linux-x86_64 0.1.0 1.11 23.55 24.66 OK
r-release-windows-ix86+x86_64 0.1.0 5.00 55.00 60.00 OK
r-release-osx-x86_64 0.1.0 NOTE
r-oldrel-windows-ix86+x86_64 0.1.0 5.00 37.00 42.00 OK
r-oldrel-osx-x86_64 0.1.0 NOTE

Check Details

Version: 0.1.0
Check: dependencies in R code
Result: NOTE
    Namespaces in Imports field not imported from:
     ‘dplyr’ ‘ggplot2’ ‘lubridate’
     All declared Imports should be used.
Flavors: r-devel-linux-x86_64-fedora-clang, r-devel-linux-x86_64-fedora-gcc, r-patched-solaris-x86, r-release-osx-x86_64, r-oldrel-osx-x86_64