Last updated on 2019-03-14 00:46:23 CET.
Flavor | Version | Tinstall | Tcheck | Ttotal | Status | Flags |
---|---|---|---|---|---|---|
r-devel-linux-x86_64-debian-clang | 0.8.1 | 5.74 | 56.43 | 62.17 | OK | |
r-devel-linux-x86_64-debian-gcc | 0.8.1 | 5.22 | 45.69 | 50.91 | OK | |
r-devel-linux-x86_64-fedora-clang | 0.8.1 | 85.54 | OK | |||
r-devel-linux-x86_64-fedora-gcc | 0.8.1 | 73.16 | OK | |||
r-devel-windows-ix86+x86_64 | 0.8.1 | 16.00 | 112.00 | 128.00 | OK | |
r-patched-linux-x86_64 | 0.8.1 | 4.87 | 55.71 | 60.58 | OK | |
r-patched-solaris-x86 | 0.8.1 | 107.80 | OK | |||
r-release-linux-x86_64 | OK | |||||
r-release-windows-ix86+x86_64 | 0.8.1 | 13.00 | 79.00 | 92.00 | OK | |
r-release-osx-x86_64 | 0.8.1 | OK | ||||
r-oldrel-windows-ix86+x86_64 | 0.8.1 | 18.00 | 98.00 | 116.00 | OK | |
r-oldrel-osx-x86_64 | 0.8.1 | ERROR |
Version: 0.8.1
Check: package dependencies
Result: ERROR
Packages required but not available: ‘aroma.affymetrix’ ‘aroma.core’
See section ‘The DESCRIPTION file’ in the ‘Writing R Extensions’
manual.
Flavor: r-oldrel-osx-x86_64