Last updated on 2019-03-14 00:46:24 CET.
Flavor | Version | Tinstall | Tcheck | Ttotal | Status | Flags |
---|---|---|---|---|---|---|
r-devel-linux-x86_64-debian-clang | 0.1.3 | 2.00 | 26.41 | 28.41 | OK | |
r-devel-linux-x86_64-debian-gcc | 0.1.3 | 1.62 | 20.93 | 22.55 | OK | |
r-devel-linux-x86_64-fedora-clang | 0.1.3 | 37.60 | OK | |||
r-devel-linux-x86_64-fedora-gcc | 0.1.3 | 31.50 | OK | |||
r-devel-windows-ix86+x86_64 | 0.1.3 | 5.00 | 60.00 | 65.00 | OK | |
r-patched-linux-x86_64 | 0.1.3 | 1.25 | 24.81 | 26.06 | OK | |
r-patched-solaris-x86 | 0.1.3 | 48.20 | OK | |||
r-release-linux-x86_64 | OK | |||||
r-release-windows-ix86+x86_64 | 0.1.3 | 5.00 | 54.00 | 59.00 | OK | |
r-release-osx-x86_64 | 0.1.3 | NOTE | ||||
r-oldrel-windows-ix86+x86_64 | 0.1.3 | 4.00 | 39.00 | 43.00 | OK | |
r-oldrel-osx-x86_64 | 0.1.3 | OK |
Version: 0.1.3
Check: package dependencies
Result: NOTE
Package suggested but not available for checking: ‘testthat’
Flavor: r-release-osx-x86_64