CRAN Package Check Results for Package BIFIEsurvey

Last updated on 2019-03-14 00:46:26 CET.

Flavor Version Tinstall Tcheck Ttotal Status Flags
r-devel-linux-x86_64-debian-clang 3.0-14 90.87 120.68 211.55 OK
r-devel-linux-x86_64-debian-gcc 3.0-14 80.83 93.75 174.58 OK
r-devel-linux-x86_64-fedora-clang 3.0-14 302.46 NOTE
r-devel-linux-x86_64-fedora-gcc 3.0-14 277.17 OK
r-devel-windows-ix86+x86_64 3.0-14 173.00 186.00 359.00 OK
r-patched-linux-x86_64 3.0-14 92.68 111.07 203.75 OK
r-patched-solaris-x86 3.0-14 293.90 OK
r-release-linux-x86_64 OK
r-release-windows-ix86+x86_64 3.0-14 206.00 231.00 437.00 OK
r-release-osx-x86_64 3.0-14 NOTE
r-oldrel-windows-ix86+x86_64 3.0-14 192.00 243.00 435.00 OK
r-oldrel-osx-x86_64 3.0-14 NOTE

Check Details

Version: 3.0-14
Check: installed package size
Result: NOTE
     installed size is 8.4Mb
     sub-directories of 1Mb or more:
     data 1.4Mb
     libs 6.4Mb
Flavors: r-devel-linux-x86_64-fedora-clang, r-release-osx-x86_64, r-oldrel-osx-x86_64