CRAN Package Check Results for Package BIGL

Last updated on 2019-03-14 00:46:26 CET.

Flavor Version Tinstall Tcheck Ttotal Status Flags
r-devel-linux-x86_64-debian-clang 1.3.0 6.99 322.74 329.73 OK
r-devel-linux-x86_64-debian-gcc 1.3.0 5.98 218.93 224.91 OK
r-devel-linux-x86_64-fedora-clang 1.3.0 350.35 OK
r-devel-linux-x86_64-fedora-gcc 1.3.0 347.46 OK
r-devel-windows-ix86+x86_64 1.3.0 16.00 297.00 313.00 OK
r-patched-linux-x86_64 1.3.0 4.63 311.57 316.20 OK
r-patched-solaris-x86 1.3.0 330.70 WARN
r-release-linux-x86_64 OK
r-release-windows-ix86+x86_64 1.3.0 15.00 401.00 416.00 OK
r-release-osx-x86_64 1.3.0 WARN
r-oldrel-windows-ix86+x86_64 1.3.0 13.00 438.00 451.00 ERROR
r-oldrel-osx-x86_64 1.3.0 WARN

Check Details

Version: 1.3.0
Check: re-building of vignette outputs
Result: WARN
    Error in re-building vignettes:
     ...
    Warning in engine$weave(file, quiet = quiet, encoding = enc) :
     Pandoc (>= 1.12.3) and/or pandoc-citeproc not available. Falling back to R Markdown v1.
    Warning: Transformation introduced infinite values in continuous x-axis
    Warning: Transformation introduced infinite values in continuous y-axis
    Warning: Transformation introduced infinite values in continuous x-axis
    Warning: Transformation introduced infinite values in continuous y-axis
    Warning: Removed 199 rows containing non-finite values (stat_contour).
    Warning in normalizePath(f2) :
     path[1]="webshotf352bf751e1.png": No such file or directory
    Warning in file(con, "rb") :
     cannot open file 'webshotf352bf751e1.png': No such file or directory
    Quitting from lines 244-247 (analysis.Rmd)
    Error: processing vignette 'analysis.Rmd' failed with diagnostics:
    cannot open the connection
    Execution halted
Flavor: r-patched-solaris-x86

Version: 1.3.0
Check: re-building of vignette outputs
Result: WARN
    Error in re-building vignettes:
     ...
    Warning in engine$weave(file, quiet = quiet, encoding = enc) :
     Pandoc (>= 1.12.3) and/or pandoc-citeproc not available. Falling back to R Markdown v1.
    Warning: Transformation introduced infinite values in continuous x-axis
    Warning: Transformation introduced infinite values in continuous y-axis
    Warning: Transformation introduced infinite values in continuous x-axis
    Warning: Transformation introduced infinite values in continuous y-axis
    Warning: Removed 199 rows containing non-finite values (stat_contour).
    Warning in normalizePath(f2) :
     path[1]="./webshot1782b14a0857a.png": No such file or directory
    Warning in file(con, "rb") :
     cannot open file './webshot1782b14a0857a.png': No such file or directory
    Quitting from lines 244-247 (analysis.Rmd)
    Error: processing vignette 'analysis.Rmd' failed with diagnostics:
    cannot open the connection
    Execution halted
Flavor: r-release-osx-x86_64

Version: 1.3.0
Check: whether package can be installed
Result: WARN
    Found the following significant warnings:
     Warning: S3 methods '[.fun_list', '[.grouped_df', 'all.equal.tbl_df', 'anti_join.data.frame', 'anti_join.tbl_df', 'arrange.data.frame', 'arrange.default', 'arrange.grouped_df', 'arrange.tbl_df', 'arrange_.data.frame', 'arrange_.tbl_df', 'as.data.frame.grouped_df', 'as.data.frame.rowwise_df', 'as.data.frame.tbl_cube', 'as.table.tbl_cube', 'as.tbl.data.frame', 'as.tbl.tbl', 'as.tbl_cube.array', 'as.tbl_cube.data.frame', 'as.tbl_cube.matrix', 'as.tbl_cube.table', 'as_tibble.grouped_df', 'as_tibble.tbl_cube', 'auto_copy.tbl_cube', 'auto_copy.tbl_df', 'cbind.grouped_df', 'collapse.data.frame', 'collect.data.frame', 'common_by.NULL', 'common_by.character', 'common_by.default', 'common_by.list', 'compute.data.frame', 'copy_to.DBIConnection', 'copy_to.src_local', 'default_missing.data.frame', 'default_missing.default', 'dim.tbl_cube', 'distinct.data.frame', 'distinct.default', 'distinct.grouped_df', 'distinct.tbl_df', 'distinct_.data.frame', 'distinct_.grouped_df', 'distinct_.tbl_df', 'do.NULL', 'do.da [... truncated]
Flavor: r-oldrel-windows-ix86+x86_64

Version: 1.3.0
Check: tests
Result: ERROR
     Running 'testthat.R' [123s]
    Running the tests in 'tests/testthat.R' failed.
    Complete output:
     > library(testthat)
     > library(BIGL)
     >
     > test_check("BIGL")
     -- 1. Failure: statistics (@test_wrapper.R#14) --------------------------------
     rs$maxR not equal to maxR(...).
     Component "Ymean": Component "sign": 1 element mismatch
     Component "Ymean": Component "call": 1 string mismatch
    
     == testthat results ===========================================================
     OK: 178 SKIPPED: 0 FAILED: 1
     1. Failure: statistics (@test_wrapper.R#14)
    
     Error: testthat unit tests failed
     Execution halted
Flavor: r-oldrel-windows-ix86+x86_64

Version: 1.3.0
Check: re-building of vignette outputs
Result: WARN
    Error in re-building vignettes:
     ...
    Warning: Transformation introduced infinite values in continuous x-axis
    Warning: Transformation introduced infinite values in continuous y-axis
    Warning: Transformation introduced infinite values in continuous x-axis
    Warning: Transformation introduced infinite values in continuous y-axis
    Warning: Removed 199 rows containing non-finite values (stat_contour).
    Warning in is.na(verts[, 2]) :
     is.na() applied to non-(list or vector) of type 'NULL'
    Warning in is.na(verts[, 3]) :
     is.na() applied to non-(list or vector) of type 'NULL'
    Warning in is.na(verts[, 1]) :
     is.na() applied to non-(list or vector) of type 'NULL'
    Warning in is.na(verts[, 3]) :
     is.na() applied to non-(list or vector) of type 'NULL'
    Warning in is.na(verts[, 1]) :
     is.na() applied to non-(list or vector) of type 'NULL'
    Warning in is.na(verts[, 2]) :
     is.na() applied to non-(list or vector) of type 'NULL'
    Warning in normalizePath(f2) :
     path[1]="./webshot16c302e234bc7.png": No such file or directory
    Warning in file(con, "rb") :
     cannot open file './webshot16c302e234bc7.png': No such file or directory
    Quitting from lines 244-247 (analysis.Rmd)
    Error: processing vignette 'analysis.Rmd' failed with diagnostics:
    cannot open the connection
    Execution halted
Flavor: r-oldrel-osx-x86_64