CRAN Package Check Results for Package BaMORC

Last updated on 2019-03-14 00:46:25 CET.

Flavor Version Tinstall Tcheck Ttotal Status Flags
r-devel-linux-x86_64-debian-clang 1.0.1 11.70 118.22 129.92 OK
r-devel-linux-x86_64-debian-gcc 1.0.1 9.56 86.34 95.90 OK
r-devel-linux-x86_64-fedora-clang 1.0.1 150.63 NOTE
r-devel-linux-x86_64-fedora-gcc 1.0.1 141.97 NOTE
r-devel-windows-ix86+x86_64 1.0.1 19.00 133.00 152.00 NOTE
r-patched-linux-x86_64 1.0.1 11.05 115.50 126.55 OK
r-patched-solaris-x86 1.0.1 227.20 NOTE
r-release-linux-x86_64 OK
r-release-windows-ix86+x86_64 1.0.1 24.00 169.00 193.00 NOTE
r-release-osx-x86_64 1.0.1 NOTE
r-oldrel-windows-ix86+x86_64 1.0.1 26.00 189.00 215.00 NOTE
r-oldrel-osx-x86_64 1.0.1 NOTE

Check Details

Version: 1.0.1
Check: installed package size
Result: NOTE
     installed size is 5.5Mb
     sub-directories of 1Mb or more:
     data 4.6Mb
Flavors: r-devel-linux-x86_64-fedora-clang, r-devel-windows-ix86+x86_64, r-patched-solaris-x86, r-release-windows-ix86+x86_64, r-release-osx-x86_64, r-oldrel-windows-ix86+x86_64, r-oldrel-osx-x86_64

Version: 1.0.1
Check: dependencies in R code
Result: NOTE
    Namespaces in Imports field not imported from:
     ‘devtools’ ‘docopt’
     All declared Imports should be used.
Flavors: r-devel-linux-x86_64-fedora-clang, r-devel-linux-x86_64-fedora-gcc, r-patched-solaris-x86, r-release-osx-x86_64, r-oldrel-osx-x86_64