CRAN Package Check Results for Package BayesESS

Last updated on 2019-03-14 00:46:25 CET.

Flavor Version Tinstall Tcheck Ttotal Status Flags
r-devel-linux-x86_64-debian-clang 0.1.12 44.73 62.73 107.46 OK
r-devel-linux-x86_64-debian-gcc 0.1.12 33.57 49.96 83.53 OK
r-devel-linux-x86_64-fedora-clang 0.1.12 156.01 NOTE
r-devel-linux-x86_64-fedora-gcc 0.1.12 134.32 NOTE
r-devel-windows-ix86+x86_64 0.1.12 91.00 109.00 200.00 OK
r-patched-linux-x86_64 0.1.12 41.17 59.37 100.54 OK
r-patched-solaris-x86 0.1.12 158.40 NOTE
r-release-linux-x86_64 OK
r-release-windows-ix86+x86_64 0.1.12 105.00 125.00 230.00 OK
r-release-osx-x86_64 0.1.12 NOTE
r-oldrel-windows-ix86+x86_64 0.1.12 101.00 127.00 228.00 OK
r-oldrel-osx-x86_64 0.1.12 NOTE

Check Details

Version: 0.1.12
Check: dependencies in R code
Result: NOTE
    Namespaces in Imports field not imported from:
     ‘MASS’ ‘MatrixModels’
     All declared Imports should be used.
Flavors: r-devel-linux-x86_64-fedora-clang, r-devel-linux-x86_64-fedora-gcc, r-patched-solaris-x86, r-release-osx-x86_64, r-oldrel-osx-x86_64