Last updated on 2019-03-14 00:46:25 CET.
Flavor | Version | Tinstall | Tcheck | Ttotal | Status | Flags |
---|---|---|---|---|---|---|
r-devel-linux-x86_64-debian-clang | 0.9.12-4.2 | 210.71 | 279.24 | 489.95 | OK | |
r-devel-linux-x86_64-debian-gcc | 0.9.12-4.2 | 174.25 | 212.56 | 386.81 | OK | |
r-devel-linux-x86_64-fedora-clang | 0.9.12-4.2 | 686.91 | NOTE | |||
r-devel-linux-x86_64-fedora-gcc | 0.9.12-4.2 | 625.95 | OK | |||
r-devel-windows-ix86+x86_64 | 0.9.12-4.2 | 356.00 | 337.00 | 693.00 | NOTE | |
r-patched-linux-x86_64 | 0.9.12-4.2 | 209.20 | 263.13 | 472.33 | OK | |
r-patched-solaris-x86 | 0.9.12-4.2 | 730.70 | NOTE | |||
r-release-linux-x86_64 | OK | |||||
r-release-windows-ix86+x86_64 | 0.9.12-4.2 | 500.00 | 390.00 | 890.00 | NOTE | |
r-release-osx-x86_64 | 0.9.12-4.2 | NOTE | ||||
r-oldrel-windows-ix86+x86_64 | 0.9.12-4.2 | 449.00 | 442.00 | 891.00 | NOTE | |
r-oldrel-osx-x86_64 | 0.9.12-4.2 | NOTE |
Version: 0.9.12-4.2
Check: installed package size
Result: NOTE
installed size is 23.2Mb
sub-directories of 1Mb or more:
doc 5.4Mb
libs 16.7Mb
Flavors: r-devel-linux-x86_64-fedora-clang, r-devel-windows-ix86+x86_64, r-patched-solaris-x86, r-release-windows-ix86+x86_64, r-release-osx-x86_64, r-oldrel-windows-ix86+x86_64, r-oldrel-osx-x86_64
Version: 0.9.12-4.2
Check: package dependencies
Result: NOTE
Package suggested but not available for checking: 'doMC'
Flavors: r-devel-windows-ix86+x86_64, r-release-windows-ix86+x86_64, r-oldrel-windows-ix86+x86_64