Last updated on 2019-03-14 00:46:29 CET.
Flavor | Version | Tinstall | Tcheck | Ttotal | Status | Flags |
---|---|---|---|---|---|---|
r-devel-linux-x86_64-debian-clang | 1.0.1 | 3.69 | 264.29 | 267.98 | WARN | |
r-devel-linux-x86_64-debian-gcc | 1.0.1 | 3.01 | 205.15 | 208.16 | OK | |
r-devel-linux-x86_64-fedora-clang | 1.0.1 | 343.71 | NOTE | |||
r-devel-linux-x86_64-fedora-gcc | 1.0.1 | 322.75 | OK | |||
r-devel-windows-ix86+x86_64 | 1.0.1 | 10.00 | 197.00 | 207.00 | NOTE | |
r-patched-linux-x86_64 | 1.0.1 | 2.94 | 256.42 | 259.36 | OK | |
r-patched-solaris-x86 | 1.0.1 | 207.50 | NOTE | |||
r-release-linux-x86_64 | OK | |||||
r-release-windows-ix86+x86_64 | 1.0.1 | 7.00 | 230.00 | 237.00 | NOTE | |
r-release-osx-x86_64 | 1.0.1 | NOTE | ||||
r-oldrel-windows-ix86+x86_64 | 1.0.1 | 10.00 | 231.00 | 241.00 | NOTE | |
r-oldrel-osx-x86_64 | 1.0.1 | NOTE |
Version: 1.0.1
Check: whether package can be installed
Result: WARN
Found the following significant warnings:
Warning: unable to re-encode 'data.R' line 139
Flavor: r-devel-linux-x86_64-debian-clang
Version: 1.0.1
Check: installed package size
Result: NOTE
installed size is 5.4Mb
sub-directories of 1Mb or more:
doc 4.5Mb
Flavors: r-devel-linux-x86_64-fedora-clang, r-devel-windows-ix86+x86_64, r-patched-solaris-x86, r-release-windows-ix86+x86_64, r-release-osx-x86_64, r-oldrel-windows-ix86+x86_64, r-oldrel-osx-x86_64