CRAN Package Check Results for Package CoordinateCleaner

Last updated on 2019-03-14 00:46:29 CET.

Flavor Version Tinstall Tcheck Ttotal Status Flags
r-devel-linux-x86_64-debian-clang 2.0-7 12.84 343.82 356.66 OK
r-devel-linux-x86_64-debian-gcc 2.0-7 13.10 141.04 154.14 WARN
r-devel-linux-x86_64-fedora-clang 2.0-7 234.61 WARN
r-devel-linux-x86_64-fedora-gcc 2.0-7 217.95 WARN
r-devel-windows-ix86+x86_64 2.0-7 24.00 373.00 397.00 OK
r-patched-linux-x86_64 2.0-7 10.62 328.61 339.23 OK
r-patched-solaris-x86 2.0-7 760.30 OK
r-release-linux-x86_64 OK
r-release-windows-ix86+x86_64 2.0-7 22.00 439.00 461.00 OK
r-release-osx-x86_64 2.0-7 WARN
r-oldrel-windows-ix86+x86_64 1.0-7 13.00 128.00 141.00 OK
r-oldrel-osx-x86_64 2.0-7 ERROR

Check Details

Version: 2.0-7
Check: re-building of vignette outputs
Result: WARN
    Error(s) in re-building vignettes:
     ...
    --- re-building ‘Tutorial_Cleaning_GBIF_data_with_CoordinateCleaner.Rmd’ using rmarkdown
    
    Attaching package: 'dplyr'
    
    The following objects are masked from 'package:stats':
    
     filter, lag
    
    The following objects are masked from 'package:base':
    
     intersect, setdiff, setequal, union
    
    Quitting from lines 131-143 (Tutorial_Cleaning_GBIF_data_with_CoordinateCleaner.Rmd)
    Error: processing vignette 'Tutorial_Cleaning_GBIF_data_with_CoordinateCleaner.Rmd' failed with diagnostics:
    undefined columns selected
    --- failed re-building ‘Tutorial_Cleaning_GBIF_data_with_CoordinateCleaner.Rmd’
    
    --- re-building ‘Tutorial_Cleaning_PBDB_fossils_with_CoordinateCleaner.Rmd’ using rmarkdown
    
    Attaching package: 'dplyr'
    
    The following objects are masked from 'package:stats':
    
     filter, lag
    
    The following objects are masked from 'package:base':
    
     intersect, setdiff, setequal, union
    
    Loading required package: raster
    Loading required package: sp
    
    Attaching package: 'raster'
    
    The following object is masked from 'package:dplyr':
    
     select
    
    Loading required package: maps
    Quitting from lines 117-123 (Tutorial_Cleaning_PBDB_fossils_with_CoordinateCleaner.Rmd)
    Error: processing vignette 'Tutorial_Cleaning_PBDB_fossils_with_CoordinateCleaner.Rmd' failed with diagnostics:
    undefined columns selected
    --- failed re-building ‘Tutorial_Cleaning_PBDB_fossils_with_CoordinateCleaner.Rmd’
    
    SUMMARY: processing the following files failed:
     ‘Tutorial_Cleaning_GBIF_data_with_CoordinateCleaner.Rmd’
     ‘Tutorial_Cleaning_PBDB_fossils_with_CoordinateCleaner.Rmd’
    
    Error: Vignette re-building failed.
    Execution halted
Flavor: r-devel-linux-x86_64-debian-gcc

Version: 2.0-7
Check: re-building of vignette outputs
Result: WARN
    Error(s) in re-building vignettes:
    --- re-building ‘Tutorial_Cleaning_GBIF_data_with_CoordinateCleaner.Rmd’ using rmarkdown
    
    Attaching package: 'dplyr'
    
    The following objects are masked from 'package:stats':
    
     filter, lag
    
    The following objects are masked from 'package:base':
    
     intersect, setdiff, setequal, union
    
    Quitting from lines 131-143 (Tutorial_Cleaning_GBIF_data_with_CoordinateCleaner.Rmd)
    Error: processing vignette 'Tutorial_Cleaning_GBIF_data_with_CoordinateCleaner.Rmd' failed with diagnostics:
    undefined columns selected
    --- failed re-building ‘Tutorial_Cleaning_GBIF_data_with_CoordinateCleaner.Rmd’
    
    --- re-building ‘Tutorial_Cleaning_PBDB_fossils_with_CoordinateCleaner.Rmd’ using rmarkdown
    
    Attaching package: 'dplyr'
    
    The following objects are masked from 'package:stats':
    
     filter, lag
    
    The following objects are masked from 'package:base':
    
     intersect, setdiff, setequal, union
    
    Loading required package: raster
    Loading required package: sp
    
    Attaching package: 'raster'
    
    The following object is masked from 'package:dplyr':
    
     select
    
    Loading required package: maps
    Quitting from lines 117-123 (Tutorial_Cleaning_PBDB_fossils_with_CoordinateCleaner.Rmd)
    Error: processing vignette 'Tutorial_Cleaning_PBDB_fossils_with_CoordinateCleaner.Rmd' failed with diagnostics:
    undefined columns selected
    --- failed re-building ‘Tutorial_Cleaning_PBDB_fossils_with_CoordinateCleaner.Rmd’
    
    SUMMARY: processing the following files failed:
     ‘Tutorial_Cleaning_GBIF_data_with_CoordinateCleaner.Rmd’
     ‘Tutorial_Cleaning_PBDB_fossils_with_CoordinateCleaner.Rmd’
    
    Error: Vignette re-building failed.
    Execution halted
Flavors: r-devel-linux-x86_64-fedora-clang, r-devel-linux-x86_64-fedora-gcc

Version: 2.0-7
Check: re-building of vignette outputs
Result: WARN
    Error in re-building vignettes:
     ...
    Warning in engine$weave(file, quiet = quiet, encoding = enc) :
     Pandoc (>= 1.12.3) and/or pandoc-citeproc not available. Falling back to R Markdown v1.
    
    Attaching package: 'dplyr'
    
    The following objects are masked from 'package:stats':
    
     filter, lag
    
    The following objects are masked from 'package:base':
    
     intersect, setdiff, setequal, union
    
    Quitting from lines 131-143 (Tutorial_Cleaning_GBIF_data_with_CoordinateCleaner.Rmd)
    Error: processing vignette 'Tutorial_Cleaning_GBIF_data_with_CoordinateCleaner.Rmd' failed with diagnostics:
    undefined columns selected
    Execution halted
Flavor: r-release-osx-x86_64

Version: 2.0-7
Check: whether package can be installed
Result: ERROR
    Installation failed.
Flavor: r-oldrel-osx-x86_64