Last updated on 2019-03-14 00:46:32 CET.
Flavor | Version | Tinstall | Tcheck | Ttotal | Status | Flags |
---|---|---|---|---|---|---|
r-devel-linux-x86_64-debian-clang | 2.2-4 | 3.08 | 40.23 | 43.31 | OK | |
r-devel-linux-x86_64-debian-gcc | 2.2-4 | 2.42 | 31.93 | 34.35 | OK | |
r-devel-linux-x86_64-fedora-clang | 2.2-4 | 55.65 | NOTE | |||
r-devel-linux-x86_64-fedora-gcc | 2.2-4 | 52.58 | NOTE | |||
r-devel-windows-ix86+x86_64 | 2.2-4 | 18.00 | 104.00 | 122.00 | OK | |
r-patched-linux-x86_64 | 2.2-4 | 2.27 | 37.35 | 39.62 | OK | |
r-patched-solaris-x86 | 2.2-4 | 78.90 | OK | |||
r-release-linux-x86_64 | OK | |||||
r-release-windows-ix86+x86_64 | 2.2-4 | 10.00 | 111.00 | 121.00 | OK | |
r-release-osx-x86_64 | 2.2-4 | OK | ||||
r-oldrel-windows-ix86+x86_64 | 2.2-4 | 14.00 | 70.00 | 84.00 | OK | |
r-oldrel-osx-x86_64 | 2.2-4 | OK |
Version: 2.2-4
Check: compiled code
Result: NOTE
File ‘DEoptim/libs/DEoptim.so’:
Found no calls to: ‘R_registerRoutines’, ‘R_useDynamicSymbols’
It is good practice to register native routines and to disable symbol
search.
See ‘Writing portable packages’ in the ‘Writing R Extensions’ manual.
Flavors: r-devel-linux-x86_64-fedora-clang, r-devel-linux-x86_64-fedora-gcc