Last updated on 2019-03-14 00:46:33 CET.
Flavor | Version | Tinstall | Tcheck | Ttotal | Status | Flags |
---|---|---|---|---|---|---|
r-devel-linux-x86_64-debian-clang | 0.7.0 | 6.06 | 67.98 | 74.04 | OK | |
r-devel-linux-x86_64-debian-gcc | 0.7.0 | 4.92 | 50.29 | 55.21 | OK | |
r-devel-linux-x86_64-fedora-clang | 0.7.0 | 84.84 | NOTE | |||
r-devel-linux-x86_64-fedora-gcc | 0.7.0 | 81.62 | NOTE | |||
r-devel-windows-ix86+x86_64 | 0.7.0 | 14.00 | 83.00 | 97.00 | NOTE | |
r-patched-linux-x86_64 | 0.7.0 | 5.10 | 63.54 | 68.64 | OK | |
r-patched-solaris-x86 | 0.7.0 | 115.00 | NOTE | |||
r-release-linux-x86_64 | OK | |||||
r-release-windows-ix86+x86_64 | 0.7.0 | 13.00 | 106.00 | 119.00 | NOTE | |
r-release-osx-x86_64 | 0.7.0 | NOTE | ||||
r-oldrel-windows-ix86+x86_64 | 0.7.0 | 14.00 | 115.00 | 129.00 | NOTE | |
r-oldrel-osx-x86_64 | 0.7.0 | NOTE |
Version: 0.7.0
Check: installed package size
Result: NOTE
installed size is 5.3Mb
sub-directories of 1Mb or more:
media 2.2Mb
shinyapps 2.7Mb
Flavors: r-devel-linux-x86_64-fedora-clang, r-devel-windows-ix86+x86_64, r-patched-solaris-x86, r-release-windows-ix86+x86_64, r-release-osx-x86_64, r-oldrel-windows-ix86+x86_64, r-oldrel-osx-x86_64
Version: 0.7.0
Check: dependencies in R code
Result: NOTE
Namespaces in Imports field not imported from:
‘knitr’ ‘rmarkdown’ ‘utils’
All declared Imports should be used.
Flavors: r-devel-linux-x86_64-fedora-clang, r-devel-linux-x86_64-fedora-gcc, r-patched-solaris-x86, r-release-osx-x86_64, r-oldrel-osx-x86_64