Last updated on 2019-03-14 00:46:33 CET.
Flavor | Version | Tinstall | Tcheck | Ttotal | Status | Flags |
---|---|---|---|---|---|---|
r-devel-linux-x86_64-debian-clang | 0.5.5 | 7.50 | 71.15 | 78.65 | OK | |
r-devel-linux-x86_64-debian-gcc | 0.5.5 | 5.60 | 53.46 | 59.06 | OK | |
r-devel-linux-x86_64-fedora-clang | 0.5.5 | 91.27 | NOTE | |||
r-devel-linux-x86_64-fedora-gcc | 0.5.5 | 87.16 | OK | |||
r-devel-windows-ix86+x86_64 | 0.5.5 | 21.00 | 88.00 | 109.00 | NOTE | |
r-patched-linux-x86_64 | 0.5.5 | 4.58 | 68.31 | 72.89 | OK | |
r-patched-solaris-x86 | 0.5.5 | 120.40 | NOTE | |||
r-release-linux-x86_64 | OK | |||||
r-release-windows-ix86+x86_64 | 0.5.5 | 16.00 | 108.00 | 124.00 | NOTE | |
r-release-osx-x86_64 | 0.5.5 | NOTE | ||||
r-oldrel-windows-ix86+x86_64 | 0.5.5 | 17.00 | 123.00 | 140.00 | NOTE | |
r-oldrel-osx-x86_64 | 0.5.5 | NOTE |
Version: 0.5.5
Check: installed package size
Result: NOTE
installed size is 11.9Mb
sub-directories of 1Mb or more:
appinformation 9.6Mb
media 1.2Mb
Flavors: r-devel-linux-x86_64-fedora-clang, r-devel-windows-ix86+x86_64, r-patched-solaris-x86, r-release-windows-ix86+x86_64, r-release-osx-x86_64, r-oldrel-windows-ix86+x86_64, r-oldrel-osx-x86_64