CRAN Package Check Results for Package EGRETci

Last updated on 2019-03-14 00:46:34 CET.

Flavor Version Tinstall Tcheck Ttotal Status Flags
r-devel-linux-x86_64-debian-clang 2.0.2 3.93 96.31 100.24 ERROR
r-devel-linux-x86_64-debian-gcc 2.0.2 3.49 71.21 74.70 ERROR
r-devel-linux-x86_64-fedora-clang 2.0.2 118.17 ERROR
r-devel-linux-x86_64-fedora-gcc 2.0.2 112.79 ERROR
r-devel-windows-ix86+x86_64 2.0.2 7.00 103.00 110.00 ERROR
r-patched-linux-x86_64 2.0.2 3.33 91.66 94.99 OK
r-patched-solaris-x86 2.0.2 143.90 OK
r-release-linux-x86_64 OK
r-release-windows-ix86+x86_64 2.0.2 7.00 127.00 134.00 OK
r-release-osx-x86_64 2.0.2 OK
r-oldrel-windows-ix86+x86_64 2.0.2 5.00 138.00 143.00 OK
r-oldrel-osx-x86_64 2.0.2 OK

Check Details

Version: 2.0.2
Check: tests
Result: ERROR
     Running 'testthat.R' [2s/2s]
    Running the tests in 'tests/testthat.R' failed.
    Complete output:
     > library(testthat)
     > library(EGRETci)
     > test_check("EGRETci")
     -- 1. Failure: blockSample (@tests_boot_tests.R#72) ---------------------------
     bsReturn$ConcLow[1] not equal to 0.62.
     1/1 mismatches
     [1] 1.4 - 0.62 == 0.78
    
     -- 2. Failure: blockSample (@tests_boot_tests.R#73) ---------------------------
     bsReturn$Date[1] not equal to as.Date("1979-10-24").
     Mean relative difference: 0.01158621
    
     == testthat results ===========================================================
     OK: 17 SKIPPED: 5 FAILED: 2
     1. Failure: blockSample (@tests_boot_tests.R#72)
     2. Failure: blockSample (@tests_boot_tests.R#73)
    
     Error: testthat unit tests failed
     Execution halted
Flavor: r-devel-linux-x86_64-debian-clang

Version: 2.0.2
Check: tests
Result: ERROR
     Running ‘testthat.R’ [1s/2s]
    Running the tests in ‘tests/testthat.R’ failed.
    Complete output:
     > library(testthat)
     > library(EGRETci)
     > test_check("EGRETci")
     ── 1. Failure: blockSample (@tests_boot_tests.R#72) ───────────────────────────
     bsReturn$ConcLow[1] not equal to 0.62.
     1/1 mismatches
     [1] 1.4 - 0.62 == 0.78
    
     ── 2. Failure: blockSample (@tests_boot_tests.R#73) ───────────────────────────
     bsReturn$Date[1] not equal to as.Date("1979-10-24").
     Mean relative difference: 0.01158621
    
     ══ testthat results ═══════════════════════════════════════════════════════════
     OK: 17 SKIPPED: 5 FAILED: 2
     1. Failure: blockSample (@tests_boot_tests.R#72)
     2. Failure: blockSample (@tests_boot_tests.R#73)
    
     Error: testthat unit tests failed
     Execution halted
Flavor: r-devel-linux-x86_64-debian-gcc

Version: 2.0.2
Check: tests
Result: ERROR
     Running ‘testthat.R’
    Running the tests in ‘tests/testthat.R’ failed.
    Complete output:
     > library(testthat)
     > library(EGRETci)
     > test_check("EGRETci")
     ── 1. Failure: blockSample (@tests_boot_tests.R#72) ───────────────────────────
     bsReturn$ConcLow[1] not equal to 0.62.
     1/1 mismatches
     [1] 1.4 - 0.62 == 0.78
    
     ── 2. Failure: blockSample (@tests_boot_tests.R#73) ───────────────────────────
     bsReturn$Date[1] not equal to as.Date("1979-10-24").
     Mean relative difference: 0.01158621
    
     ══ testthat results ═══════════════════════════════════════════════════════════
     OK: 17 SKIPPED: 5 FAILED: 2
     1. Failure: blockSample (@tests_boot_tests.R#72)
     2. Failure: blockSample (@tests_boot_tests.R#73)
    
     Error: testthat unit tests failed
     Execution halted
Flavors: r-devel-linux-x86_64-fedora-clang, r-devel-linux-x86_64-fedora-gcc

Version: 2.0.2
Check: tests
Result: ERROR
     Running 'testthat.R' [2s]
    Running the tests in 'tests/testthat.R' failed.
    Complete output:
     > library(testthat)
     > library(EGRETci)
     > test_check("EGRETci")
     -- 1. Failure: blockSample (@tests_boot_tests.R#72) ---------------------------
     bsReturn$ConcLow[1] not equal to 0.62.
     1/1 mismatches
     [1] 1.4 - 0.62 == 0.78
    
     -- 2. Failure: blockSample (@tests_boot_tests.R#73) ---------------------------
     bsReturn$Date[1] not equal to as.Date("1979-10-24").
     Mean relative difference: 0.01158621
    
     == testthat results ===========================================================
     OK: 17 SKIPPED: 5 FAILED: 2
     1. Failure: blockSample (@tests_boot_tests.R#72)
     2. Failure: blockSample (@tests_boot_tests.R#73)
    
     Error: testthat unit tests failed
     Execution halted
Flavor: r-devel-windows-ix86+x86_64