CRAN Package Check Results for Package ExceedanceTools

Last updated on 2019-03-14 00:46:34 CET.

Flavor Version Tinstall Tcheck Ttotal Status Flags
r-devel-linux-x86_64-debian-clang 1.2.2 7.88 65.77 73.65 NOTE
r-devel-linux-x86_64-debian-gcc 1.2.2 5.83 53.36 59.19 NOTE
r-devel-linux-x86_64-fedora-clang 1.2.2 90.29 NOTE
r-devel-linux-x86_64-fedora-gcc 1.2.2 86.70 NOTE
r-devel-windows-ix86+x86_64 1.2.2 17.00 97.00 114.00 NOTE
r-patched-linux-x86_64 1.2.2 4.39 62.79 67.18 NOTE
r-patched-solaris-x86 1.2.2 81.10 NOTE
r-release-linux-x86_64 NOTE
r-release-windows-ix86+x86_64 1.2.2 10.00 82.00 92.00 NOTE
r-release-osx-x86_64 1.2.2 NOTE
r-oldrel-windows-ix86+x86_64 1.2.2 11.00 102.00 113.00 NOTE
r-oldrel-osx-x86_64 1.2.2 NOTE

Check Details

Version: 1.2.2
Check: R code for possible problems
Result: NOTE
    plot.pgrid: no visible global function definition for 'image'
    statistic.cv: no visible global function definition for 'quantile'
    statistic.sim: no visible global function definition for 'contourLines'
    Undefined global functions or variables:
     contourLines image quantile
    Consider adding
     importFrom("grDevices", "contourLines")
     importFrom("graphics", "image")
     importFrom("stats", "quantile")
    to your NAMESPACE file.
Flavors: r-devel-linux-x86_64-debian-clang, r-devel-linux-x86_64-debian-gcc, r-devel-linux-x86_64-fedora-clang, r-devel-linux-x86_64-fedora-gcc, r-devel-windows-ix86+x86_64, r-patched-linux-x86_64, r-patched-solaris-x86, r-release-linux-x86_64, r-release-windows-ix86+x86_64, r-release-osx-x86_64, r-oldrel-windows-ix86+x86_64, r-oldrel-osx-x86_64