CRAN Package Check Results for Package FIT

Last updated on 2019-03-14 00:46:36 CET.

Flavor Version Tinstall Tcheck Ttotal Status Flags
r-devel-linux-x86_64-debian-clang 0.0.6 33.26 98.20 131.46 OK
r-devel-linux-x86_64-debian-gcc 0.0.6 32.41 70.26 102.67 OK
r-devel-linux-x86_64-fedora-clang 0.0.6 167.55 NOTE
r-devel-linux-x86_64-fedora-gcc 0.0.6 166.09 NOTE
r-devel-windows-ix86+x86_64 0.0.6 82.00 124.00 206.00 OK
r-patched-linux-x86_64 0.0.6 40.06 99.06 139.12 OK
r-patched-solaris-x86 0.0.6 216.70 NOTE
r-release-linux-x86_64 OK
r-release-windows-ix86+x86_64 0.0.6 88.00 151.00 239.00 OK
r-release-osx-x86_64 0.0.6 NOTE
r-oldrel-windows-ix86+x86_64 0.0.6 84.00 157.00 241.00 OK
r-oldrel-osx-x86_64 0.0.6 NOTE

Check Details

Version: 0.0.6
Check: installed package size
Result: NOTE
     installed size is 9.6Mb
     sub-directories of 1Mb or more:
     libs 8.8Mb
Flavors: r-devel-linux-x86_64-fedora-clang, r-release-osx-x86_64, r-oldrel-osx-x86_64

Version: 0.0.6
Check: dependencies in R code
Result: NOTE
    Namespaces in Imports field not imported from:
     ‘MASS’ ‘XML’ ‘gglasso’ ‘methods’
     All declared Imports should be used.
Flavors: r-devel-linux-x86_64-fedora-clang, r-devel-linux-x86_64-fedora-gcc, r-patched-solaris-x86, r-release-osx-x86_64, r-oldrel-osx-x86_64