CRAN Package Check Results for Package HRM

Last updated on 2019-03-14 00:46:40 CET.

Flavor Version Tinstall Tcheck Ttotal Status Flags
r-devel-linux-x86_64-debian-clang 1.0.2 31.38 221.65 253.03 OK
r-devel-linux-x86_64-debian-gcc 1.0.2 24.97 302.89 327.86 OK
r-devel-linux-x86_64-fedora-clang 1.0.2 262.76 OK
r-devel-linux-x86_64-fedora-gcc 1.0.2 246.43 OK
r-devel-windows-ix86+x86_64 1.0.2 56.00 647.00 703.00 OK
r-patched-linux-x86_64 1.0.2 26.34 245.23 271.57 OK
r-patched-solaris-x86 1.0.2 314.70 OK
r-release-linux-x86_64 OK
r-release-windows-ix86+x86_64 1.0.2 65.00 588.00 653.00 OK
r-release-osx-x86_64 1.0.2 NOTE
r-oldrel-windows-ix86+x86_64 1.0.2 58.00 636.00 694.00 OK
r-oldrel-osx-x86_64 1.0.2 NOTE

Check Details

Version: 1.0.2
Check: package dependencies
Result: NOTE
    Packages suggested but not available for checking:
     ‘RGtk2’ ‘cairoDevice’ ‘RGtk2Extras’
Flavors: r-release-osx-x86_64, r-oldrel-osx-x86_64