CRAN Package Check Results for Package HSAR

Last updated on 2019-03-14 00:46:40 CET.

Flavor Version Tinstall Tcheck Ttotal Status Flags
r-devel-linux-x86_64-debian-clang 0.4.2 115.35 108.96 224.31 WARN
r-devel-linux-x86_64-debian-gcc 0.4.2 99.98 92.00 191.98 OK
r-devel-linux-x86_64-fedora-clang 0.4.2 324.69 WARN
r-devel-linux-x86_64-fedora-gcc 0.4.2 301.35 OK
r-devel-windows-ix86+x86_64 0.4.2 213.00 154.00 367.00 OK
r-patched-linux-x86_64 0.4.2 112.40 106.97 219.37 OK
r-patched-solaris-x86 0.4.2 406.20 OK
r-release-linux-x86_64 OK
r-release-windows-ix86+x86_64 0.4.2 290.00 200.00 490.00 OK
r-release-osx-x86_64 0.4.2 NOTE
r-oldrel-windows-ix86+x86_64 0.4.2 262.00 221.00 483.00 OK
r-oldrel-osx-x86_64 0.4.2 NOTE

Check Details

Version: 0.4.2
Check: whether package can be installed
Result: WARN
    Found the following significant warnings:
     sar.cpp:210:32: warning: explicitly assigning value of variable of type 'arma::sp_mat' (aka 'SpMat<double>') to itself [-Wself-assign-overloaded]
Flavors: r-devel-linux-x86_64-debian-clang, r-devel-linux-x86_64-fedora-clang

Version: 0.4.2
Check: installed package size
Result: NOTE
     installed size is 9.5Mb
     sub-directories of 1Mb or more:
     libs 9.1Mb
Flavors: r-devel-linux-x86_64-fedora-clang, r-release-osx-x86_64, r-oldrel-osx-x86_64