Last updated on 2019-03-14 00:46:39 CET.
Flavor | Version | Tinstall | Tcheck | Ttotal | Status | Flags |
---|---|---|---|---|---|---|
r-devel-linux-x86_64-debian-clang | 0.54 | 37.54 | 224.57 | 262.11 | OK | |
r-devel-linux-x86_64-debian-gcc | 0.54 | 34.41 | 171.87 | 206.28 | OK | |
r-devel-linux-x86_64-fedora-clang | 0.54 | 341.48 | OK | |||
r-devel-linux-x86_64-fedora-gcc | 0.54 | 300.73 | OK | |||
r-devel-windows-ix86+x86_64 | 0.54 | 60.00 | 262.00 | 322.00 | OK | |
r-patched-linux-x86_64 | 0.54 | 21.67 | 212.78 | 234.45 | OK | |
r-patched-solaris-x86 | 0.54 | 3.70 | ERROR | |||
r-release-linux-x86_64 | OK | |||||
r-release-windows-ix86+x86_64 | 0.54 | 48.00 | 388.00 | 436.00 | OK | |
r-release-osx-x86_64 | 0.54 | ERROR | ||||
r-oldrel-windows-ix86+x86_64 | 0.54 | 45.00 | 279.00 | 324.00 | OK | |
r-oldrel-osx-x86_64 | 0.54 | ERROR |
Version: 0.54
Check: package dependencies
Result: ERROR
Package required but not available: ‘xcms’
See section ‘The DESCRIPTION file’ in the ‘Writing R Extensions’
manual.
Flavors: r-patched-solaris-x86, r-release-osx-x86_64
Version: 0.54
Check: whether package can be installed
Result: ERROR
Installation failed.
Flavor: r-oldrel-osx-x86_64