CRAN Package Check Results for Package ICGE

Last updated on 2019-03-14 00:46:40 CET.

Flavor Version Tinstall Tcheck Ttotal Status Flags
r-devel-linux-x86_64-debian-clang 0.3 2.80 27.50 30.30 NOTE
r-devel-linux-x86_64-debian-gcc 0.3 2.47 21.95 24.42 NOTE
r-devel-linux-x86_64-fedora-clang 0.3 36.34 NOTE
r-devel-linux-x86_64-fedora-gcc 0.3 34.33 NOTE
r-devel-windows-ix86+x86_64 0.3 9.00 50.00 59.00 NOTE
r-patched-linux-x86_64 0.3 1.91 25.74 27.65 NOTE
r-patched-solaris-x86 0.3 52.20 NOTE
r-release-linux-x86_64 NOTE
r-release-windows-ix86+x86_64 0.3 8.00 56.00 64.00 NOTE
r-release-osx-x86_64 0.3 NOTE
r-oldrel-windows-ix86+x86_64 0.3 7.00 54.00 61.00 NOTE
r-oldrel-osx-x86_64 0.3 NOTE

Check Details

Version: 0.3
Check: R code for possible problems
Result: NOTE
    INCAncinner : dian: no visible global function definition for 'cutree'
    INCAncinner : bestela: no visible global function definition for
     'cutree'
    center: no visible global function definition for 'var'
    dbhatta: no visible global function definition for 'as.dist'
    dcor: no visible global function definition for 'cor'
    dcor: no visible global function definition for 'as.dist'
    dgower: no visible global function definition for 'as.dist'
    dmahal: no visible global function definition for 'as.dist'
    dproc2: no visible global function definition for 'as.dist'
    plot.incaix: no visible global function definition for 'barplot'
    plot.incanc: no visible global function definition for 'plot'
    plot.incanc: no visible global function definition for 'lines'
    plot.incanc: no visible global function definition for 'legend'
    selectioncluster : dian: no visible global function definition for
     'cutree'
    selectioncluster : bestela: no visible global function definition for
     'cutree'
    Undefined global functions or variables:
     as.dist barplot cor cutree legend lines plot var
    Consider adding
     importFrom("graphics", "barplot", "legend", "lines", "plot")
     importFrom("stats", "as.dist", "cor", "cutree", "var")
    to your NAMESPACE file.
Flavors: r-devel-linux-x86_64-debian-clang, r-devel-linux-x86_64-debian-gcc, r-devel-linux-x86_64-fedora-clang, r-devel-linux-x86_64-fedora-gcc, r-devel-windows-ix86+x86_64, r-patched-linux-x86_64, r-patched-solaris-x86, r-release-linux-x86_64, r-release-windows-ix86+x86_64, r-release-osx-x86_64, r-oldrel-windows-ix86+x86_64, r-oldrel-osx-x86_64