Last updated on 2019-03-14 00:46:42 CET.
Flavor | Version | Tinstall | Tcheck | Ttotal | Status | Flags |
---|---|---|---|---|---|---|
r-devel-linux-x86_64-debian-clang | 1.1.1 | 3.21 | 31.87 | 35.08 | OK | |
r-devel-linux-x86_64-debian-gcc | 1.1.1 | 2.69 | 26.30 | 28.99 | OK | |
r-devel-linux-x86_64-fedora-clang | 1.1.1 | 46.34 | OK | |||
r-devel-linux-x86_64-fedora-gcc | 1.1.1 | 43.57 | OK | |||
r-devel-windows-ix86+x86_64 | 1.1.1 | 11.00 | 57.00 | 68.00 | OK | |
r-patched-linux-x86_64 | 1.1.1 | 2.63 | 29.40 | 32.03 | OK | |
r-patched-solaris-x86 | 1.1.1 | 64.30 | OK | |||
r-release-linux-x86_64 | OK | |||||
r-release-windows-ix86+x86_64 | 1.1.1 | 7.00 | 59.00 | 66.00 | OK | |
r-release-osx-x86_64 | 1.1.1 | OK | ||||
r-oldrel-windows-ix86+x86_64 | 1.1.1 | 7.00 | 57.00 | 64.00 | OK | |
r-oldrel-osx-x86_64 | 1.1.1 | WARN |
Version: 1.1.1
Check: re-building of vignette outputs
Result: WARN
Error in re-building vignettes:
...
Error in texi2dvi(file = file, pdf = TRUE, clean = clean, quiet = quiet, :
Running 'texi2dvi' on 'Interatrix.tex' failed.
LaTeX errors:
! LaTeX Error: File `utf8x.def' not found.
Type X to quit or <RETURN> to proceed,
or enter new name. (Default extension: def)
! Emergency stop.
<read *>
l.158 \endinput
^^M
! ==> Fatal error occurred, no output PDF file produced!
Calls: buildVignettes -> texi2pdf -> texi2dvi
Execution halted
Flavor: r-oldrel-osx-x86_64