Last updated on 2019-03-14 00:46:42 CET.
Flavor | Version | Tinstall | Tcheck | Ttotal | Status | Flags |
---|---|---|---|---|---|---|
r-devel-linux-x86_64-debian-clang | 2.0 | 12.83 | 93.89 | 106.72 | OK | |
r-devel-linux-x86_64-debian-gcc | 2.0 | 10.99 | 73.25 | 84.24 | OK | |
r-devel-linux-x86_64-fedora-clang | 2.0 | 134.41 | NOTE | |||
r-devel-linux-x86_64-fedora-gcc | 2.0 | 125.28 | NOTE | |||
r-devel-windows-ix86+x86_64 | 2.0 | 22.00 | 162.00 | 184.00 | OK | |
r-patched-linux-x86_64 | 2.0 | 9.89 | 86.72 | 96.61 | OK | |
r-patched-solaris-x86 | 2.0 | 186.80 | NOTE | |||
r-release-linux-x86_64 | OK | |||||
r-release-windows-ix86+x86_64 | 2.0 | 32.00 | 121.00 | 153.00 | OK | |
r-release-osx-x86_64 | 2.0 | NOTE | ||||
r-oldrel-windows-ix86+x86_64 | 2.0 | 32.00 | 103.00 | 135.00 | OK | |
r-oldrel-osx-x86_64 | 2.0 | NOTE |
Version: 2.0
Check: dependencies in R code
Result: NOTE
Namespaces in Imports field not imported from:
‘BurStFin’ ‘MASS’ ‘fAssets’ ‘timeDate’
All declared Imports should be used.
Flavors: r-devel-linux-x86_64-fedora-clang, r-devel-linux-x86_64-fedora-gcc, r-patched-solaris-x86, r-release-osx-x86_64, r-oldrel-osx-x86_64