Last updated on 2019-03-14 00:46:43 CET.
Flavor | Version | Tinstall | Tcheck | Ttotal | Status | Flags |
---|---|---|---|---|---|---|
r-devel-linux-x86_64-debian-clang | 0.1.1 | 9.88 | 67.53 | 77.41 | WARN | |
r-devel-linux-x86_64-debian-gcc | 0.1.1 | 8.94 | 52.72 | 61.66 | OK | |
r-devel-linux-x86_64-fedora-clang | 0.1.1 | 96.25 | NOTE | |||
r-devel-linux-x86_64-fedora-gcc | 0.1.1 | 88.32 | NOTE | |||
r-devel-windows-ix86+x86_64 | 0.1.1 | 15.00 | 67.00 | 82.00 | OK | |
r-patched-linux-x86_64 | 0.1.1 | 7.22 | 64.63 | 71.85 | OK | |
r-patched-solaris-x86 | 0.1.1 | 135.10 | NOTE | |||
r-release-linux-x86_64 | OK | |||||
r-release-windows-ix86+x86_64 | 0.1.1 | 16.00 | 84.00 | 100.00 | OK | |
r-release-osx-x86_64 | 0.1.1 | NOTE | ||||
r-oldrel-osx-x86_64 | 0.1.1 | ERROR |
Version: 0.1.1
Check: whether package can be installed
Result: WARN
Found the following significant warnings:
Warning: unable to re-encode 'kspm.R' lines 6, 7
Flavor: r-devel-linux-x86_64-debian-clang
Version: 0.1.1
Check: dependencies in R code
Result: NOTE
Namespace in Imports field not imported from: ‘usethis’
All declared Imports should be used.
Flavors: r-devel-linux-x86_64-fedora-clang, r-devel-linux-x86_64-fedora-gcc, r-patched-solaris-x86, r-release-osx-x86_64
Version: 0.1.1
Check: whether package can be installed
Result: ERROR
Installation failed.
Flavor: r-oldrel-osx-x86_64