CRAN Package Check Results for Package LLSR

Last updated on 2019-03-14 00:46:44 CET.

Flavor Version Tinstall Tcheck Ttotal Status Flags
r-devel-linux-x86_64-debian-clang 0.0.2.19 8.80 65.62 74.42 OK
r-devel-linux-x86_64-debian-gcc 0.0.2.19 7.78 51.13 58.91 OK
r-devel-linux-x86_64-fedora-clang 0.0.2.19 92.81 NOTE
r-devel-linux-x86_64-fedora-gcc 0.0.2.19 84.67 NOTE
r-devel-windows-ix86+x86_64 0.0.2.19 16.00 76.00 92.00 OK
r-patched-linux-x86_64 0.0.2.19 6.97 62.63 69.60 OK
r-patched-solaris-x86 0.0.2.19 137.80 NOTE
r-release-linux-x86_64 OK
r-release-windows-ix86+x86_64 0.0.2.19 20.00 83.00 103.00 OK
r-release-osx-x86_64 0.0.2.19 NOTE
r-oldrel-windows-ix86+x86_64 0.0.2.2 13.00 101.00 114.00 OK
r-oldrel-osx-x86_64 0.0.2.19 ERROR

Check Details

Version: 0.0.2.19
Check: data for non-ASCII characters
Result: NOTE
     Note: found 109 marked UTF-8 strings
Flavors: r-devel-linux-x86_64-fedora-clang, r-devel-linux-x86_64-fedora-gcc, r-patched-solaris-x86, r-release-osx-x86_64

Version: 0.0.2.19
Check: whether package can be installed
Result: ERROR
    Installation failed.
Flavor: r-oldrel-osx-x86_64