Last updated on 2019-03-14 00:46:43 CET.
Flavor | Version | Tinstall | Tcheck | Ttotal | Status | Flags |
---|---|---|---|---|---|---|
r-devel-linux-x86_64-debian-clang | 1.2.1 | 52.31 | 35.43 | 87.74 | WARN | |
r-devel-linux-x86_64-debian-gcc | 1.2.1 | 38.49 | 28.24 | 66.73 | OK | |
r-devel-linux-x86_64-fedora-clang | 1.2.1 | 136.16 | OK | |||
r-devel-linux-x86_64-fedora-gcc | 1.2.1 | 115.05 | OK | |||
r-devel-windows-ix86+x86_64 | 1.2.1 | 141.00 | 108.00 | 249.00 | OK | |
r-patched-linux-x86_64 | 1.2.1 | 43.21 | 33.08 | 76.29 | OK | |
r-patched-solaris-x86 | 1.2.1 | 133.00 | OK | |||
r-release-linux-x86_64 | OK | |||||
r-release-windows-ix86+x86_64 | 1.2.1 | 148.00 | 100.00 | 248.00 | OK | |
r-release-osx-x86_64 | 1.2.1 | OK | ||||
r-oldrel-windows-ix86+x86_64 | 1.2.1 | 145.00 | 95.00 | 240.00 | OK | |
r-oldrel-osx-x86_64 | 1.2.1 | OK |
Version: 1.2.1
Check: whether package can be installed
Result: WARN
Found the following significant warnings:
Warning: unable to re-encode 'Langevin-package.r' line 51
Flavor: r-devel-linux-x86_64-debian-clang