CRAN Package Check Results for Package MAINT.Data

Last updated on 2019-03-14 00:46:44 CET.

Flavor Version Tinstall Tcheck Ttotal Status Flags
r-devel-linux-x86_64-debian-clang 2.0.0 132.79 82.32 215.11 OK
r-devel-linux-x86_64-debian-gcc 2.0.0 108.94 66.61 175.55 OK
r-devel-linux-x86_64-fedora-clang 2.0.0 328.71 OK
r-devel-linux-x86_64-fedora-gcc 2.0.0 283.29 OK
r-devel-windows-ix86+x86_64 2.0.0 264.00 111.00 375.00 OK
r-patched-linux-x86_64 2.0.0 134.02 78.96 212.98 OK
r-patched-solaris-x86 2.0.0 274.40 OK
r-release-linux-x86_64 OK
r-release-windows-ix86+x86_64 2.0.0 304.00 136.00 440.00 OK
r-release-osx-x86_64 2.0.0 NOTE
r-oldrel-windows-ix86+x86_64 2.0.0 256.00 124.00 380.00 OK
r-oldrel-osx-x86_64 2.0.0 NOTE

Check Details

Version: 2.0.0
Check: installed package size
Result: NOTE
     installed size is 15.5Mb
     sub-directories of 1Mb or more:
     R 1.1Mb
     libs 14.1Mb
Flavors: r-release-osx-x86_64, r-oldrel-osx-x86_64