Last updated on 2019-03-14 00:46:44 CET.
Flavor | Version | Tinstall | Tcheck | Ttotal | Status | Flags |
---|---|---|---|---|---|---|
r-devel-linux-x86_64-debian-clang | 0.8-2.1 | 5.40 | 42.87 | 48.27 | NOTE | |
r-devel-linux-x86_64-debian-gcc | 0.8-2.1 | 4.23 | 33.37 | 37.60 | NOTE | |
r-devel-linux-x86_64-fedora-clang | 0.8-2.1 | 58.44 | NOTE | |||
r-devel-linux-x86_64-fedora-gcc | 0.8-2.1 | 55.54 | NOTE | |||
r-devel-windows-ix86+x86_64 | 0.8-2.1 | 15.00 | 78.00 | 93.00 | NOTE | |
r-patched-linux-x86_64 | 0.8-2.1 | 4.43 | 37.93 | 42.36 | NOTE | |
r-patched-solaris-x86 | 0.8-2.1 | 74.00 | NOTE | |||
r-release-linux-x86_64 | NOTE | |||||
r-release-windows-ix86+x86_64 | 0.8-2.1 | 12.00 | 57.00 | 69.00 | NOTE | |
r-release-osx-x86_64 | 0.8-2.1 | NOTE | ||||
r-oldrel-windows-ix86+x86_64 | 0.8-2.1 | 7.00 | 55.00 | 62.00 | NOTE | |
r-oldrel-osx-x86_64 | 0.8-2.1 | NOTE |
Version: 0.8-2.1
Check: package dependencies
Result: NOTE
Package suggested but not available for checking: 'R2wd'
Flavors: r-devel-linux-x86_64-debian-clang, r-devel-linux-x86_64-debian-gcc, r-devel-linux-x86_64-fedora-clang, r-devel-linux-x86_64-fedora-gcc, r-patched-linux-x86_64, r-patched-solaris-x86, r-release-linux-x86_64, r-release-osx-x86_64, r-oldrel-osx-x86_64
Version: 0.8-2.1
Check: dependencies in R code
Result: NOTE
'library' or 'require' calls in package code:
'R2wd' 'ggplot2' 'metafor'
Please use :: or requireNamespace() instead.
See section 'Suggested packages' in the 'Writing R Extensions' manual.
Flavors: r-devel-linux-x86_64-debian-clang, r-devel-linux-x86_64-debian-gcc, r-devel-linux-x86_64-fedora-clang, r-devel-linux-x86_64-fedora-gcc, r-devel-windows-ix86+x86_64, r-patched-linux-x86_64, r-patched-solaris-x86, r-release-linux-x86_64, r-release-windows-ix86+x86_64, r-release-osx-x86_64, r-oldrel-windows-ix86+x86_64, r-oldrel-osx-x86_64