Last updated on 2019-03-14 00:46:45 CET.
Flavor | Version | Tinstall | Tcheck | Ttotal | Status | Flags |
---|---|---|---|---|---|---|
r-devel-linux-x86_64-debian-clang | 1.4-4 | 445.95 | 103.38 | 549.33 | OK | |
r-devel-linux-x86_64-debian-gcc | 1.4-4 | 259.86 | 82.35 | 342.21 | OK | |
r-devel-linux-x86_64-fedora-clang | 1.4-4 | 923.49 | NOTE | |||
r-devel-linux-x86_64-fedora-gcc | 1.4-4 | 524.68 | OK | |||
r-devel-windows-ix86+x86_64 | 1.4-4 | 474.00 | 141.00 | 615.00 | NOTE | |
r-patched-linux-x86_64 | 1.4-4 | 296.12 | 96.38 | 392.50 | OK | |
r-patched-solaris-x86 | 1.4-4 | 460.30 | OK | |||
r-release-linux-x86_64 | OK | |||||
r-release-windows-ix86+x86_64 | 1.4-4 | 616.00 | 180.00 | 796.00 | NOTE | |
r-release-osx-x86_64 | 1.4-4 | NOTE | ||||
r-oldrel-windows-ix86+x86_64 | 1.4-4 | 600.00 | 143.00 | 743.00 | NOTE | |
r-oldrel-osx-x86_64 | 1.4-4 | NOTE |
Version: 1.4-4
Check: installed package size
Result: NOTE
installed size is 39.8Mb
sub-directories of 1Mb or more:
libs 38.7Mb
Flavors: r-devel-linux-x86_64-fedora-clang, r-devel-windows-ix86+x86_64, r-release-windows-ix86+x86_64, r-release-osx-x86_64, r-oldrel-windows-ix86+x86_64, r-oldrel-osx-x86_64