Last updated on 2019-03-14 00:46:45 CET.
Flavor | Version | Tinstall | Tcheck | Ttotal | Status | Flags |
---|---|---|---|---|---|---|
r-devel-linux-x86_64-debian-clang | 1.0 | 1.56 | 31.92 | 33.48 | WARN | |
r-devel-linux-x86_64-debian-gcc | 1.0 | 1.21 | 24.50 | 25.71 | OK | |
r-devel-linux-x86_64-fedora-clang | 1.0 | 39.32 | OK | |||
r-devel-linux-x86_64-fedora-gcc | 1.0 | 36.62 | OK | |||
r-devel-windows-ix86+x86_64 | 1.0 | 7.00 | 40.00 | 47.00 | OK | |
r-patched-linux-x86_64 | 1.0 | 0.90 | 29.80 | 30.70 | OK | |
r-patched-solaris-x86 | 1.0 | 54.60 | OK | |||
r-release-linux-x86_64 | OK | |||||
r-release-windows-ix86+x86_64 | 1.0 | 2.00 | 39.00 | 41.00 | OK | |
r-release-osx-x86_64 | 1.0 | OK | ||||
r-oldrel-windows-ix86+x86_64 | 1.0 | 3.00 | 41.00 | 44.00 | OK | |
r-oldrel-osx-x86_64 | 1.0 | OK |
Version: 1.0
Check: whether package can be installed
Result: WARN
Found the following significant warnings:
Warning: unable to re-encode 'MFDFA.R' line 153
Flavor: r-devel-linux-x86_64-debian-clang