Last updated on 2019-03-14 00:46:46 CET.
Flavor | Version | Tinstall | Tcheck | Ttotal | Status | Flags |
---|---|---|---|---|---|---|
r-devel-linux-x86_64-debian-clang | 2.3 | 21.19 | 93.36 | 114.55 | NOTE | |
r-devel-linux-x86_64-debian-gcc | 2.3 | 15.11 | 67.65 | 82.76 | NOTE | |
r-devel-linux-x86_64-fedora-clang | 2.3 | 143.01 | NOTE | |||
r-devel-linux-x86_64-fedora-gcc | 2.3 | 126.06 | NOTE | |||
r-devel-windows-ix86+x86_64 | 2.3 | 44.00 | 207.00 | 251.00 | NOTE | |
r-patched-linux-x86_64 | 2.3 | 15.20 | 90.60 | 105.80 | NOTE | |
r-patched-solaris-x86 | 2.3 | 179.80 | NOTE | |||
r-release-linux-x86_64 | NOTE | |||||
r-release-windows-ix86+x86_64 | 2.3 | 42.00 | 191.00 | 233.00 | NOTE | |
r-release-osx-x86_64 | 2.3 | NOTE | ||||
r-oldrel-windows-ix86+x86_64 | 2.3 | 43.00 | 203.00 | 246.00 | NOTE | |
r-oldrel-osx-x86_64 | 2.3 | NOTE |
Version: 2.3
Check: for GNU extensions in Makefiles
Result: NOTE
GNU make is a SystemRequirements.
Flavors: r-devel-linux-x86_64-debian-clang, r-devel-linux-x86_64-debian-gcc, r-devel-linux-x86_64-fedora-clang, r-devel-linux-x86_64-fedora-gcc, r-devel-windows-ix86+x86_64, r-patched-linux-x86_64, r-patched-solaris-x86, r-release-linux-x86_64, r-release-windows-ix86+x86_64, r-release-osx-x86_64, r-oldrel-windows-ix86+x86_64, r-oldrel-osx-x86_64