Last updated on 2019-03-14 00:46:47 CET.
Flavor | Version | Tinstall | Tcheck | Ttotal | Status | Flags |
---|---|---|---|---|---|---|
r-devel-linux-x86_64-debian-clang | 0.1.2 | 61.27 | 74.70 | 135.97 | NOTE | |
r-devel-linux-x86_64-debian-gcc | 0.1.2 | 47.31 | 72.63 | 119.94 | NOTE | |
r-devel-linux-x86_64-fedora-clang | 0.1.2 | 188.16 | NOTE | |||
r-devel-linux-x86_64-fedora-gcc | 0.1.2 | 178.71 | NOTE | |||
r-devel-windows-ix86+x86_64 | 0.1.2 | 172.00 | 87.00 | 259.00 | OK | |
r-patched-linux-x86_64 | 0.1.2 | 58.34 | 76.93 | 135.27 | OK | |
r-patched-solaris-x86 | 0.1.2 | 182.50 | OK | |||
r-release-linux-x86_64 | OK | |||||
r-release-windows-ix86+x86_64 | 0.1.2 | 171.00 | 111.00 | 282.00 | OK | |
r-release-osx-x86_64 | 0.1.2 | OK | ||||
r-oldrel-windows-ix86+x86_64 | 0.1.2 | 167.00 | 129.00 | 296.00 | OK | |
r-oldrel-osx-x86_64 | 0.1.2 | OK |
Version: 0.1.2
Check: use of SHLIB_OPENMP_*FLAGS in Makefiles
Result: NOTE
src/Makevars: SHLIB_OPENMP_CXXFLAGS is included in PKG_CXXFLAGS but not in PKG_LIBS
src/Makevars: SHLIB_OPENMP_CFLAGS is included in PKG_LIBS but linking is by C++
src/Makevars.win: SHLIB_OPENMP_CXXFLAGS is included in PKG_CXXFLAGS but not in PKG_LIBS
src/Makevars.win: SHLIB_OPENMP_CFLAGS is included in PKG_LIBS but linking is by C++
Use of these macros is discussed in sect 1.2.1.1 of 'Writing R
Extensions'. The macros for different languages may differ so the
matching macro must be used in PKG_CXXFLAGS (etc) and match that used
in PKG_LIBS (except for Fortran: see the manual).
Flavors: r-devel-linux-x86_64-debian-clang, r-devel-linux-x86_64-debian-gcc, r-devel-linux-x86_64-fedora-clang, r-devel-linux-x86_64-fedora-gcc