CRAN Package Check Results for Package NLMR

Last updated on 2019-03-14 00:46:47 CET.

Flavor Version Tinstall Tcheck Ttotal Status Flags
r-devel-linux-x86_64-debian-clang 0.4.2 26.80 87.41 114.21 WARN
r-devel-linux-x86_64-debian-gcc 0.4.2 19.67 66.41 86.08 OK
r-devel-linux-x86_64-fedora-clang 0.4.2 144.80 OK
r-devel-linux-x86_64-fedora-gcc 0.4.2 131.75 OK
r-devel-windows-ix86+x86_64 0.4.2 53.00 147.00 200.00 OK
r-patched-linux-x86_64 0.4.2 24.68 76.03 100.71 OK
r-patched-solaris-x86 0.4.2 174.70 OK
r-release-linux-x86_64 OK
r-release-windows-ix86+x86_64 0.4.2 78.00 188.00 266.00 OK
r-release-osx-x86_64 0.4.2 OK
r-oldrel-windows-ix86+x86_64 0.4.2 77.00 194.00 271.00 OK
r-oldrel-osx-x86_64 0.4.2 OK

Check Details

Version: 0.4.2
Check: whether package can be installed
Result: WARN
    Found the following significant warnings:
     Warning: unable to re-encode 'nlm_edgegradient.R' line 39
     Warning: unable to re-encode 'nlm_fbm.R' line 44
     Warning: unable to re-encode 'nlm_randomcluster.R' line 41
     Warning: unable to re-encode 'nlm_randomrectangularcluster.R' lines 24, 26
Flavor: r-devel-linux-x86_64-debian-clang