CRAN Package Check Results for Package NetRep

Last updated on 2019-03-14 00:46:47 CET.

Flavor Version Tinstall Tcheck Ttotal Status Flags
r-devel-linux-x86_64-debian-clang 1.2.1 124.26 146.27 270.53 OK
r-devel-linux-x86_64-debian-gcc 1.2.1 100.56 112.01 212.57 OK
r-devel-linux-x86_64-fedora-clang 1.2.1 376.82 NOTE
r-devel-linux-x86_64-fedora-gcc 1.2.1 348.73 OK
r-devel-windows-ix86+x86_64 1.2.1 348.00 186.00 534.00 OK
r-patched-linux-x86_64 1.2.1 113.26 139.71 252.97 OK
r-patched-solaris-x86 1.2.1 434.40 OK
r-release-linux-x86_64 OK
r-release-windows-ix86+x86_64 1.2.1 347.00 228.00 575.00 OK
r-release-osx-x86_64 1.2.1 NOTE
r-oldrel-windows-ix86+x86_64 1.2.1 390.00 248.00 638.00 OK
r-oldrel-osx-x86_64 1.2.1 NOTE

Check Details

Version: 1.2.1
Check: installed package size
Result: NOTE
     installed size is 9.0Mb
     sub-directories of 1Mb or more:
     doc 1.8Mb
     libs 6.3Mb
Flavors: r-devel-linux-x86_64-fedora-clang, r-release-osx-x86_64, r-oldrel-osx-x86_64