Last updated on 2019-03-14 00:46:48 CET.
Flavor | Version | Tinstall | Tcheck | Ttotal | Status | Flags |
---|---|---|---|---|---|---|
r-devel-linux-x86_64-debian-clang | 3.0.0 | 8.34 | 111.26 | 119.60 | NOTE | |
r-devel-linux-x86_64-debian-gcc | 3.0.0 | 8.08 | 90.39 | 98.47 | NOTE | |
r-devel-linux-x86_64-fedora-clang | 3.0.0 | 142.12 | NOTE | |||
r-devel-linux-x86_64-fedora-gcc | 3.0.0 | 132.66 | NOTE | |||
r-devel-windows-ix86+x86_64 | 3.0.0 | 14.00 | 115.00 | 129.00 | OK | |
r-patched-linux-x86_64 | 3.0.0 | 6.87 | 116.95 | 123.82 | NOTE | |
r-patched-solaris-x86 | 3.0.0 | 207.90 | OK | |||
r-release-linux-x86_64 | NOTE | |||||
r-release-windows-ix86+x86_64 | 3.0.0 | 15.00 | 158.00 | 173.00 | OK | |
r-release-osx-x86_64 | 3.0.0 | OK | ||||
r-oldrel-windows-ix86+x86_64 | 3.0.0 | 9.00 | 159.00 | 168.00 | OK | |
r-oldrel-osx-x86_64 | 3.0.0 | OK |
Version: 3.0.0
Check: DESCRIPTION meta-information
Result: NOTE
Dependence on R version '3.4.1' not with patchlevel 0
Flavors: r-devel-linux-x86_64-debian-clang, r-devel-linux-x86_64-debian-gcc, r-devel-linux-x86_64-fedora-clang, r-devel-linux-x86_64-fedora-gcc, r-patched-linux-x86_64, r-release-linux-x86_64