Last updated on 2019-03-14 00:46:48 CET.
Flavor | Version | Tinstall | Tcheck | Ttotal | Status | Flags |
---|---|---|---|---|---|---|
r-devel-linux-x86_64-debian-clang | 1.1.1 | 6.66 | 61.30 | 67.96 | NOTE | |
r-devel-linux-x86_64-debian-gcc | 1.1.1 | 6.85 | 49.67 | 56.52 | NOTE | |
r-devel-linux-x86_64-fedora-clang | 1.1.1 | 83.50 | NOTE | |||
r-devel-linux-x86_64-fedora-gcc | 1.1.1 | 79.83 | NOTE | |||
r-devel-windows-ix86+x86_64 | 1.1.1 | 14.00 | 97.00 | 111.00 | NOTE | |
r-patched-linux-x86_64 | 1.1.1 | 5.71 | 57.79 | 63.50 | NOTE | |
r-patched-solaris-x86 | 1.1.1 | 128.80 | NOTE | |||
r-release-linux-x86_64 | NOTE | |||||
r-release-windows-ix86+x86_64 | 1.1.1 | 12.00 | 125.00 | 137.00 | NOTE | |
r-release-osx-x86_64 | 1.1.1 | NOTE | ||||
r-oldrel-windows-ix86+x86_64 | 1.1.1 | 11.00 | 71.00 | 82.00 | NOTE | |
r-oldrel-osx-x86_64 | 1.1.1 | NOTE |
Version: 1.1.1
Check: DESCRIPTION meta-information
Result: NOTE
Malformed Description field: should contain one or more complete sentences.
Flavors: r-devel-linux-x86_64-debian-clang, r-devel-linux-x86_64-debian-gcc, r-devel-linux-x86_64-fedora-clang, r-devel-linux-x86_64-fedora-gcc, r-devel-windows-ix86+x86_64, r-patched-linux-x86_64, r-patched-solaris-x86, r-release-linux-x86_64, r-release-windows-ix86+x86_64, r-release-osx-x86_64, r-oldrel-windows-ix86+x86_64, r-oldrel-osx-x86_64
Version: 1.1.1
Check: R code for possible problems
Result: NOTE
odm: no visible binding for global variable 'sd'
odm : <anonymous>: no visible global function definition for 'sd'
odm : <anonymous>: no visible global function definition for 'quantile'
odm: no visible global function definition for 'prcomp'
quant.const: no visible global function definition for 'quantile'
quant.const.D: no visible global function definition for 'reshape'
quant.const.D: no visible global function definition for 'quantile'
quant.linear.D: no visible global function definition for 'reshape'
quant.nonlin : FrankModel: no visible global function definition for
'qt'
quant.nonlin : FrankModel: no visible global function definition for
'pt'
quant.nonlin: no visible global function definition for 'predict'
quant.nonlin.D: no visible global function definition for 'reshape'
quant.nonlin.D: no visible global function definition for 'predict'
quant.nonpar.D: no visible global function definition for 'reshape'
rgrubbs.test: no visible global function definition for 'sd'
plot,OutlierDM-missing: no visible binding for global variable 'pch'
summary,OutlierDM: no visible global function definition for 'head'
Undefined global functions or variables:
head pch prcomp predict pt qt quantile reshape sd
Consider adding
importFrom("stats", "prcomp", "predict", "pt", "qt", "quantile",
"reshape", "sd")
importFrom("utils", "head")
to your NAMESPACE file.
Flavors: r-devel-linux-x86_64-debian-clang, r-devel-linux-x86_64-debian-gcc, r-devel-linux-x86_64-fedora-clang, r-devel-linux-x86_64-fedora-gcc, r-devel-windows-ix86+x86_64, r-patched-linux-x86_64, r-patched-solaris-x86, r-release-linux-x86_64, r-release-windows-ix86+x86_64, r-release-osx-x86_64, r-oldrel-windows-ix86+x86_64, r-oldrel-osx-x86_64