CRAN Package Check Results for Package PKI

Last updated on 2019-03-14 00:46:50 CET.

Flavor Version Tinstall Tcheck Ttotal Status Flags
r-devel-linux-x86_64-debian-clang 0.1-5.1 7.18 19.85 27.03 NOTE
r-devel-linux-x86_64-debian-gcc 0.1-5.1 4.73 17.50 22.23 NOTE
r-devel-linux-x86_64-fedora-clang 0.1-5.1 35.59 NOTE
r-devel-linux-x86_64-fedora-gcc 0.1-5.1 32.44 NOTE
r-devel-windows-ix86+x86_64 0.1-5.1 27.00 53.00 80.00 OK
r-patched-linux-x86_64 0.1-5.1 5.16 18.53 23.69 NOTE
r-patched-solaris-x86 0.1-5.1 50.50 OK
r-release-linux-x86_64 NOTE
r-release-windows-ix86+x86_64 0.1-5.1 22.00 52.00 74.00 OK
r-release-osx-x86_64 0.1-5.1 OK
r-oldrel-windows-ix86+x86_64 0.1-5.1 19.00 51.00 70.00 OK
r-oldrel-osx-x86_64 0.1-5.1 OK

Additional issues

rchk

Check Details

Version: 0.1-5.1
Check: Rd line widths
Result: NOTE
    Rd file 'RSA.Rd':
     \examples lines wider than 100 characters:
     PKI.load.OpenSSH.pubkey("ssh-rsa AAAAB3NzaC1yc2EAAAABIwAAAIEAuvOXqfZ3pJeWeqyQOIXZwmgM1RBqPUmVx3XgntpA+YtOZjKfuoJSpg3LhBuI/wXx8L2QZXNFib ... [TRUNCATED]
    
    These lines will be truncated in the PDF manual.
Flavors: r-devel-linux-x86_64-debian-clang, r-devel-linux-x86_64-debian-gcc, r-devel-linux-x86_64-fedora-clang, r-devel-linux-x86_64-fedora-gcc, r-patched-linux-x86_64, r-release-linux-x86_64