Last updated on 2019-03-14 00:46:50 CET.
Flavor | Version | Tinstall | Tcheck | Ttotal | Status | Flags |
---|---|---|---|---|---|---|
r-devel-linux-x86_64-debian-clang | 2.1.1 | 63.93 | 60.33 | 124.26 | OK | |
r-devel-linux-x86_64-debian-gcc | 2.1.1 | 47.07 | 46.61 | 93.68 | OK | |
r-devel-linux-x86_64-fedora-clang | 2.1.1 | 181.75 | NOTE | |||
r-devel-linux-x86_64-fedora-gcc | 2.1.1 | 156.21 | NOTE | |||
r-devel-windows-ix86+x86_64 | 2.1.1 | 110.00 | 94.00 | 204.00 | OK | |
r-patched-linux-x86_64 | 2.1.1 | 58.63 | 55.23 | 113.86 | OK | |
r-patched-solaris-x86 | 2.1.1 | 169.70 | NOTE | |||
r-release-linux-x86_64 | OK | |||||
r-release-windows-ix86+x86_64 | 2.1.1 | 166.00 | 120.00 | 286.00 | OK | |
r-release-osx-x86_64 | 2.1.1 | NOTE | ||||
r-oldrel-windows-ix86+x86_64 | 2.1.1 | 149.00 | 146.00 | 295.00 | OK | |
r-oldrel-osx-x86_64 | 2.1.1 | NOTE |
Version: 2.1.1
Check: dependencies in R code
Result: NOTE
Namespace in Imports field not imported from: ‘purrr’
All declared Imports should be used.
Flavors: r-devel-linux-x86_64-fedora-clang, r-devel-linux-x86_64-fedora-gcc, r-patched-solaris-x86, r-release-osx-x86_64, r-oldrel-osx-x86_64