Last updated on 2019-03-14 00:46:50 CET.
Flavor | Version | Tinstall | Tcheck | Ttotal | Status | Flags |
---|---|---|---|---|---|---|
r-devel-linux-x86_64-debian-clang | 0.2.0 | 3.81 | 139.51 | 143.32 | OK | |
r-devel-linux-x86_64-debian-gcc | 0.2.0 | 2.80 | 96.41 | 99.21 | OK | |
r-devel-linux-x86_64-fedora-clang | 0.2.0 | 171.39 | NOTE | |||
r-devel-linux-x86_64-fedora-gcc | 0.2.0 | 159.21 | NOTE | |||
r-devel-windows-ix86+x86_64 | 0.2.0 | 9.00 | 140.00 | 149.00 | OK | |
r-patched-linux-x86_64 | 0.2.0 | 1.57 | 122.69 | 124.26 | OK | |
r-patched-solaris-x86 | 0.2.0 | 202.10 | NOTE | |||
r-release-linux-x86_64 | OK | |||||
r-release-windows-ix86+x86_64 | 0.2.0 | 10.00 | 180.00 | 190.00 | OK | |
r-release-osx-x86_64 | 0.2.0 | NOTE | ||||
r-oldrel-windows-ix86+x86_64 | 0.2.0 | 12.00 | 210.00 | 222.00 | OK | |
r-oldrel-osx-x86_64 | 0.2.0 | NOTE |
Version: 0.2.0
Check: dependencies in R code
Result: NOTE
Namespaces in Imports field not imported from:
‘car’ ‘lubridate’
All declared Imports should be used.
Flavors: r-devel-linux-x86_64-fedora-clang, r-devel-linux-x86_64-fedora-gcc, r-patched-solaris-x86, r-release-osx-x86_64, r-oldrel-osx-x86_64