CRAN Package Check Results for Package RMTL

Last updated on 2019-03-14 00:46:54 CET.

Flavor Version Tinstall Tcheck Ttotal Status Flags
r-devel-linux-x86_64-debian-clang 0.9 4.49 43.53 48.02 OK
r-devel-linux-x86_64-debian-gcc 0.9 3.44 32.77 36.21 OK
r-devel-linux-x86_64-fedora-clang 0.9 56.96 OK
r-devel-linux-x86_64-fedora-gcc 0.9 54.63 OK
r-devel-windows-ix86+x86_64 0.9 10.00 51.00 61.00 OK
r-patched-linux-x86_64 0.9 3.28 40.73 44.01 OK
r-patched-solaris-x86 0.9 77.30 OK
r-release-linux-x86_64 OK
r-release-windows-ix86+x86_64 0.9 8.00 66.00 74.00 OK
r-release-osx-x86_64 0.9 OK
r-oldrel-osx-x86_64 0.9 ERROR

Check Details

Version: 0.9
Check: whether package can be installed
Result: ERROR
    Installation failed.
Flavor: r-oldrel-osx-x86_64