Last updated on 2019-03-14 00:46:54 CET.
Flavor | Version | Tinstall | Tcheck | Ttotal | Status | Flags |
---|---|---|---|---|---|---|
r-devel-linux-x86_64-debian-clang | 2.6.5 | 425.13 | 44.13 | 469.26 | OK | |
r-devel-linux-x86_64-debian-gcc | 2.6.5 | 394.92 | 39.75 | 434.67 | WARN | |
r-devel-linux-x86_64-fedora-clang | 2.6.5 | 770.97 | WARN | |||
r-devel-linux-x86_64-fedora-gcc | 2.6.5 | 763.64 | WARN | |||
r-devel-windows-ix86+x86_64 | 2.6.5 | 1000.00 | 146.00 | 1146.00 | NOTE | |
r-patched-linux-x86_64 | 2.6.5 | 467.10 | 46.78 | 513.88 | OK | |
r-patched-solaris-x86 | 2.6.5 | 564.50 | OK | |||
r-release-linux-x86_64 | OK | |||||
r-release-windows-ix86+x86_64 | 2.6.5 | 1061.00 | 138.00 | 1199.00 | NOTE | |
r-release-osx-x86_64 | 2.6.5 | NOTE | ||||
r-oldrel-windows-ix86+x86_64 | 2.6.5 | 1043.00 | 98.00 | 1141.00 | NOTE | |
r-oldrel-osx-x86_64 | 2.6.5 | NOTE |
Version: 2.6.5
Check: top-level files
Result: WARN
Output from running autoreconf:
aclocal: error: configure.ac:25: file 'm4/ax_openmp.m4' does not exist
autoreconf: aclocal failed with exit status: 1
Flavors: r-devel-linux-x86_64-debian-gcc, r-devel-linux-x86_64-fedora-clang, r-devel-linux-x86_64-fedora-gcc
Version: 2.6.5
Check: installed package size
Result: NOTE
installed size is 100.6Mb
sub-directories of 1Mb or more:
extdata 2.0Mb
libs 98.4Mb
Flavors: r-devel-linux-x86_64-fedora-clang, r-devel-windows-ix86+x86_64, r-release-windows-ix86+x86_64, r-release-osx-x86_64, r-oldrel-windows-ix86+x86_64, r-oldrel-osx-x86_64