CRAN Package Check Results for Package ROI.plugin.clp

Last updated on 2019-03-14 00:46:55 CET.

Flavor Version Tinstall Tcheck Ttotal Status Flags
r-devel-linux-x86_64-debian-clang 0.4 5.61 43.22 48.83 OK
r-devel-linux-x86_64-debian-gcc 0.4 6.31 65.04 71.35 OK
r-devel-linux-x86_64-fedora-clang 0.4 98.07 OK
r-devel-linux-x86_64-fedora-gcc 0.4 91.34 OK
r-devel-windows-ix86+x86_64 0.4 17.00 74.00 91.00 OK
r-patched-linux-x86_64 0.4 4.57 40.86 45.43 OK
r-patched-solaris-x86 0.4 91.20 OK
r-release-linux-x86_64 OK
r-release-windows-ix86+x86_64 0.4 10.00 62.00 72.00 OK
r-release-osx-x86_64 0.4 ERROR
r-oldrel-windows-ix86+x86_64 0.4 11.00 54.00 65.00 OK
r-oldrel-osx-x86_64 0.4 ERROR

Check Details

Version: 0.4
Check: package dependencies
Result: ERROR
    Package required but not available: ‘clpAPI’
    
    See section ‘The DESCRIPTION file’ in the ‘Writing R Extensions’
    manual.
Flavors: r-release-osx-x86_64, r-oldrel-osx-x86_64