Last updated on 2019-03-14 00:46:55 CET.
Flavor | Version | Tinstall | Tcheck | Ttotal | Status | Flags |
---|---|---|---|---|---|---|
r-devel-linux-x86_64-debian-clang | 0.4 | 2.63 | 22.43 | 25.06 | NOTE | |
r-devel-linux-x86_64-debian-gcc | 0.4 | 1.89 | 18.05 | 19.94 | NOTE | |
r-devel-linux-x86_64-fedora-clang | 0.4 | 30.44 | NOTE | |||
r-devel-linux-x86_64-fedora-gcc | 0.4 | 28.91 | NOTE | |||
r-devel-windows-ix86+x86_64 | 0.4 | 9.00 | 51.00 | 60.00 | OK | |
r-patched-linux-x86_64 | 0.4 | 1.78 | 20.96 | 22.74 | NOTE | |
r-patched-solaris-x86 | 0.4 | 52.10 | OK | |||
r-release-linux-x86_64 | NOTE | |||||
r-release-windows-ix86+x86_64 | 0.4 | 6.00 | 50.00 | 56.00 | OK | |
r-release-osx-x86_64 | 0.4 | OK | ||||
r-oldrel-windows-ix86+x86_64 | 0.4 | 6.00 | 50.00 | 56.00 | OK | |
r-oldrel-osx-x86_64 | 0.4 | OK |
Version: 0.4
Check: DESCRIPTION meta-information
Result: NOTE
Dependence on R version '3.4.2' not with patchlevel 0
Flavors: r-devel-linux-x86_64-debian-clang, r-devel-linux-x86_64-debian-gcc, r-devel-linux-x86_64-fedora-clang, r-devel-linux-x86_64-fedora-gcc, r-patched-linux-x86_64, r-release-linux-x86_64