Last updated on 2019-03-14 00:46:55 CET.
Flavor | Version | Tinstall | Tcheck | Ttotal | Status | Flags |
---|---|---|---|---|---|---|
r-devel-linux-x86_64-debian-clang | 2.0.8 | 17.84 | 139.21 | 157.05 | WARN | |
r-devel-linux-x86_64-debian-gcc | 2.0.8 | 15.65 | 106.35 | 122.00 | OK | |
r-devel-linux-x86_64-fedora-clang | 2.0.8 | 186.00 | NOTE | |||
r-devel-linux-x86_64-fedora-gcc | 2.0.8 | 174.01 | NOTE | |||
r-devel-windows-ix86+x86_64 | 2.0.8 | 36.00 | 141.00 | 177.00 | OK | |
r-patched-linux-x86_64 | 2.0.8 | 13.04 | 124.52 | 137.56 | OK | |
r-patched-solaris-x86 | 2.0.8 | 245.70 | NOTE | |||
r-release-linux-x86_64 | OK | |||||
r-release-windows-ix86+x86_64 | 2.0.8 | 39.00 | 199.00 | 238.00 | OK | |
r-release-osx-x86_64 | 2.0.8 | NOTE | ||||
r-oldrel-windows-ix86+x86_64 | 2.0.8 | 28.00 | 185.00 | 213.00 | OK | |
r-oldrel-osx-x86_64 | 2.0.8 | NOTE |
Version: 2.0.8
Check: whether package can be installed
Result: WARN
Found the following significant warnings:
Warning: unable to re-encode 'sym.mcfa.r' line 8
Flavor: r-devel-linux-x86_64-debian-clang
Version: 2.0.8
Check: dependencies in R code
Result: NOTE
Namespace in Imports field not imported from: ‘randomcoloR’
All declared Imports should be used.
Flavors: r-devel-linux-x86_64-fedora-clang, r-devel-linux-x86_64-fedora-gcc, r-patched-solaris-x86, r-release-osx-x86_64, r-oldrel-osx-x86_64